Last updated on 2024-03-12 07:50:10 CET.
Flavor | Version | Tinstall | Tcheck | Ttotal | Status | Flags |
---|---|---|---|---|---|---|
r-devel-linux-x86_64-debian-clang | 1.5.0 | 50.84 | 527.73 | 578.57 | OK | |
r-devel-linux-x86_64-debian-gcc | 1.5.0 | 45.02 | 406.57 | 451.59 | OK | |
r-devel-linux-x86_64-fedora-clang | 1.5.0 | 574.67 | OK | |||
r-devel-linux-x86_64-fedora-gcc | 1.5.0 | 590.21 | OK | |||
r-devel-windows-x86_64 | 1.5.0 | 29.00 | 5.00 | 34.00 | ERROR | |
r-patched-linux-x86_64 | 1.5.0 | 58.02 | 539.89 | 597.91 | OK | |
r-release-linux-x86_64 | 1.5.0 | 51.46 | 532.96 | 584.42 | OK | |
r-release-macos-arm64 | 1.5.0 | 206.00 | OK | |||
r-release-macos-x86_64 | 1.5.0 | 419.00 | OK | |||
r-release-windows-x86_64 | 1.5.0 | 71.00 | 434.00 | 505.00 | OK | |
r-oldrel-macos-arm64 | 1.5.0 | 245.00 | OK | |||
r-oldrel-windows-x86_64 | 1.5.0 | 62.00 | 393.00 | 455.00 | OK |
Version: 1.5.0
Check: whether package can be installed
Result: ERROR
Installation failed.
Flavor: r-devel-windows-x86_64