CRAN Package Check Results for Package tor

Last updated on 2024-04-24 07:57:56 CEST.

Flavor Version Tinstall Tcheck Ttotal Status Flags
r-devel-linux-x86_64-debian-clang 1.1.2 1.90 36.81 38.71 NOTE
r-devel-linux-x86_64-debian-gcc 1.1.2 2.40 28.05 30.45 NOTE
r-devel-linux-x86_64-fedora-clang 1.1.2 50.21 NOTE
r-devel-linux-x86_64-fedora-gcc 1.1.2 48.34 NOTE
r-prerel-macos-arm64 1.1.2 20.00 NOTE
r-prerel-windows-x86_64 1.1.2 4.00 49.00 53.00 NOTE
r-patched-linux-x86_64 1.1.2 2.81 35.39 38.20 NOTE
r-release-linux-x86_64 1.1.2 1.84 35.02 36.86 NOTE
r-release-macos-arm64 1.1.2 21.00 NOTE
r-release-macos-x86_64 1.1.2 27.00 NOTE
r-release-windows-x86_64 1.1.2 5.00 52.00 57.00 NOTE
r-oldrel-macos-arm64 1.1.2 18.00 NOTE
r-oldrel-windows-x86_64 1.1.2 4.00 56.00 60.00 NOTE

Check Details

Version: 1.1.2
Check: LazyData
Result: NOTE 'LazyData' is specified without a 'data' directory Flavors: r-devel-linux-x86_64-debian-clang, r-devel-linux-x86_64-debian-gcc, r-devel-linux-x86_64-fedora-clang, r-devel-linux-x86_64-fedora-gcc, r-prerel-macos-arm64, r-prerel-windows-x86_64, r-patched-linux-x86_64, r-release-linux-x86_64, r-release-macos-arm64, r-release-macos-x86_64, r-release-windows-x86_64, r-oldrel-macos-arm64, r-oldrel-windows-x86_64