Last updated on 2024-04-24 07:57:56 CEST.
Flavor | Version | Tinstall | Tcheck | Ttotal | Status | Flags |
---|---|---|---|---|---|---|
r-devel-linux-x86_64-debian-clang | 0.3-2 | 13.94 | 116.66 | 130.60 | NOTE | |
r-devel-linux-x86_64-debian-gcc | 0.3-2 | 9.79 | 83.98 | 93.77 | NOTE | |
r-devel-linux-x86_64-fedora-clang | 0.3-2 | 157.52 | NOTE | |||
r-devel-linux-x86_64-fedora-gcc | 0.3-2 | 140.21 | NOTE | |||
r-prerel-macos-arm64 | 0.3-2 | 84.00 | NOTE | |||
r-prerel-windows-x86_64 | 0.3-2 | 14.00 | 138.00 | 152.00 | NOTE | |
r-patched-linux-x86_64 | 0.3-2 | 17.10 | 110.88 | 127.98 | NOTE | |
r-release-linux-x86_64 | 0.3-2 | 11.51 | 108.42 | 119.93 | NOTE | |
r-release-macos-arm64 | 0.3-2 | 83.00 | NOTE | |||
r-release-macos-x86_64 | 0.3-2 | 110.00 | NOTE | |||
r-release-windows-x86_64 | 0.3-2 | 15.00 | 152.00 | 167.00 | NOTE | |
r-oldrel-macos-arm64 | 0.3-2 | 77.00 | NOTE | |||
r-oldrel-windows-x86_64 | 0.3-2 | 16.00 | 152.00 | 168.00 | NOTE |
Version: 0.3-2
Check: package dependencies
Result: NOTE
Package suggested but not available for checking: ‘toscaData’
Flavors: r-devel-linux-x86_64-debian-clang, r-devel-linux-x86_64-debian-gcc, r-devel-linux-x86_64-fedora-clang, r-devel-linux-x86_64-fedora-gcc, r-prerel-macos-arm64, r-prerel-windows-x86_64, r-patched-linux-x86_64, r-release-linux-x86_64, r-release-macos-arm64, r-release-macos-x86_64, r-release-windows-x86_64, r-oldrel-macos-arm64, r-oldrel-windows-x86_64