Last updated on 2024-03-12 07:50:10 CET.
Flavor | Version | Tinstall | Tcheck | Ttotal | Status | Flags |
---|---|---|---|---|---|---|
r-devel-linux-x86_64-debian-clang | 0.6.6 | 17.13 | 68.25 | 85.38 | OK | |
r-devel-linux-x86_64-debian-gcc | 0.6.6 | 13.88 | 53.68 | 67.56 | OK | |
r-devel-linux-x86_64-fedora-clang | 0.6.6 | 111.33 | NOTE | |||
r-devel-linux-x86_64-fedora-gcc | 0.6.6 | 105.99 | NOTE | |||
r-devel-windows-x86_64 | 0.6.6 | 18.00 | 78.00 | 96.00 | OK | |
r-patched-linux-x86_64 | 0.6.6 | 16.15 | 68.66 | 84.81 | OK | |
r-release-linux-x86_64 | 0.6.6 | 18.94 | 68.51 | 87.45 | OK | |
r-release-macos-arm64 | 0.6.6 | 35.00 | OK | |||
r-release-macos-x86_64 | 0.6.6 | 53.00 | NOTE | |||
r-release-windows-x86_64 | 0.6.6 | 21.00 | 84.00 | 105.00 | OK | |
r-oldrel-macos-arm64 | 0.6.6 | 37.00 | NOTE | |||
r-oldrel-windows-x86_64 | 0.6.6 | 21.00 | 86.00 | 107.00 | OK |
Version: 0.6.6
Check: data for non-ASCII characters
Result: NOTE
Note: found 100 marked Latin-1 strings
Note: found 548 marked UTF-8 strings
Flavors: r-devel-linux-x86_64-fedora-clang, r-devel-linux-x86_64-fedora-gcc, r-oldrel-macos-arm64
Version: 0.6.6
Check: installed package size
Result: NOTE
installed size is 5.1Mb
sub-directories of 1Mb or more:
data 4.7Mb
Flavors: r-release-macos-x86_64, r-oldrel-macos-arm64