CRAN Package Check Results for Package touchard

Last updated on 2021-07-29 09:53:46 CEST.

Flavor Version Tinstall Tcheck Ttotal Status Flags
r-devel-linux-x86_64-debian-clang 2.0.1 OK
r-devel-linux-x86_64-debian-gcc 2.0.1 3.55 34.81 38.36 OK
r-devel-linux-x86_64-fedora-clang 2.0.1 68.01 NOTE
r-devel-linux-x86_64-fedora-gcc 2.0.1 56.96 OK
r-devel-windows-x86_64 2.0.1 5.00 65.00 70.00 OK
r-devel-windows-x86_64-gcc10-UCRT 2.0.1 OK
r-patched-linux-x86_64 2.0.1 3.75 43.71 47.46 OK
r-patched-solaris-x86 2.0.1 78.70 OK
r-release-linux-x86_64 2.0.1 3.52 43.10 46.62 OK
r-release-macos-arm64 2.0.1 OK
r-release-macos-x86_64 2.0.1 OK
r-release-windows-ix86+x86_64 2.0.1 9.00 48.00 57.00 OK
r-oldrel-macos-x86_64 2.0.1 OK
r-oldrel-windows-ix86+x86_64 2.0.1 6.00 61.00 67.00 OK

Check Details

Version: 2.0.1
Check: Rd cross-references
Result: NOTE
    Undeclared package ‘vcd’ in Rd xrefs
Flavor: r-devel-linux-x86_64-fedora-clang