CRAN Package Check Results for Package trackeRapp

Last updated on 2021-05-06 08:49:39 CEST.

Flavor Version Tinstall Tcheck Ttotal Status Flags
r-devel-linux-x86_64-debian-clang 1.1 16.07 123.86 139.93 NOTE
r-devel-linux-x86_64-debian-gcc 1.1 13.03 92.24 105.27 NOTE
r-devel-linux-x86_64-fedora-clang 1.1 183.59 NOTE
r-devel-linux-x86_64-fedora-gcc 1.1 176.57 NOTE
r-devel-windows-ix86+x86_64 1.1 38.00 134.00 172.00 NOTE
r-devel-windows-x86_64-gcc10-UCRT 1.1 NOTE
r-patched-linux-x86_64 1.1 12.86 117.32 130.18 NOTE
r-patched-solaris-x86 1.1 262.40 NOTE
r-release-linux-x86_64 1.1 14.41 112.16 126.57 OK
r-release-macos-x86_64 1.1 NOTE
r-release-windows-ix86+x86_64 1.1 26.00 103.00 129.00 OK
r-oldrel-macos-x86_64 1.1 ERROR
r-oldrel-windows-ix86+x86_64 1.0 37.00 153.00 190.00 OK

Check Details

Version: 1.1
Check: LazyData
Result: NOTE
     'LazyData' is specified without a 'data' directory
Flavors: r-devel-linux-x86_64-debian-clang, r-devel-linux-x86_64-debian-gcc, r-devel-linux-x86_64-fedora-clang, r-devel-linux-x86_64-fedora-gcc, r-devel-windows-ix86+x86_64, r-devel-windows-x86_64-gcc10-UCRT, r-patched-linux-x86_64

Version: 1.1
Check: dependencies in R code
Result: NOTE
    Namespaces in Imports field not imported from:
     ‘V8’ ‘colorspace’
     All declared Imports should be used.
Flavors: r-devel-linux-x86_64-fedora-clang, r-devel-linux-x86_64-fedora-gcc, r-devel-windows-x86_64-gcc10-UCRT, r-patched-solaris-x86, r-release-macos-x86_64

Version: 1.1
Check: whether package can be installed
Result: ERROR
    Installation failed.
Flavor: r-oldrel-macos-x86_64