CRAN Package Check Results for Package trackr

Last updated on 2021-08-01 08:52:56 CEST.

Flavor Version Tinstall Tcheck Ttotal Status Flags
r-devel-linux-x86_64-debian-clang 0.10.7 25.92 225.88 251.80 OK
r-devel-linux-x86_64-debian-gcc 0.10.7 19.85 170.35 190.20 OK
r-devel-linux-x86_64-fedora-clang 0.10.7 305.27 OK
r-devel-linux-x86_64-fedora-gcc 0.10.7 286.35 OK
r-devel-windows-x86_64 0.10.7 31.00 265.00 296.00 OK
r-devel-windows-x86_64-gcc10-UCRT 0.10.7 OK
r-patched-linux-x86_64 0.10.7 OK
r-release-linux-x86_64 0.10.7 22.73 215.88 238.61 OK
r-release-macos-arm64 0.10.7 WARN
r-release-macos-x86_64 0.10.7 OK
r-release-windows-ix86+x86_64 0.10.7 51.00 220.00 271.00 OK
r-oldrel-macos-x86_64 0.10.7 OK
r-oldrel-windows-ix86+x86_64 0.10.7 32.00 269.00 301.00 OK

Check Details

Version: 0.10.7
Check: re-building of vignette outputs
Result: WARN
    Error(s) in re-building vignettes:
     ...
    --- re-building ‘index.Rmd’ using rmarkdown
    Warning in engine$weave(file, quiet = quiet, encoding = enc) :
     Pandoc (>= 1.12.3) not available. Falling back to R Markdown v1.
    Loading required package: histry
    --- finished re-building ‘index.Rmd’
    
    --- re-building ‘Extending-trackr.Rnw’ using knitr
    Quitting from lines 146-155 (Extending-trackr.Rnw)
    Error: processing vignette 'Extending-trackr.Rnw' failed with diagnostics:
    polygon edge not found
    --- failed re-building ‘Extending-trackr.Rnw’
    
    SUMMARY: processing the following file failed:
     ‘Extending-trackr.Rnw’
    
    Error: Vignette re-building failed.
    Execution halted
Flavor: r-release-macos-arm64