Last updated on 2024-08-31 08:48:25 CEST.
Flavor | Version | Tinstall | Tcheck | Ttotal | Status | Flags |
---|---|---|---|---|---|---|
r-devel-linux-x86_64-debian-clang | 0.2-8 | 10.96 | 137.91 | 148.87 | NOTE | |
r-devel-linux-x86_64-debian-gcc | 0.2-8 | 7.28 | 95.01 | 102.29 | NOTE | |
r-devel-linux-x86_64-fedora-clang | 0.2-8 | 244.48 | NOTE | |||
r-devel-linux-x86_64-fedora-gcc | 0.2-8 | 232.39 | NOTE | |||
r-devel-windows-x86_64 | 0.2-8 | 13.00 | 180.00 | 193.00 | NOTE | |
r-patched-linux-x86_64 | 0.2-8 | 14.20 | 132.70 | 146.90 | NOTE | |
r-release-linux-x86_64 | 0.2-8 | 10.02 | 133.00 | 143.02 | NOTE | |
r-release-macos-arm64 | 0.2-8 | 71.00 | NOTE | |||
r-release-macos-x86_64 | 0.2-8 | 121.00 | NOTE | |||
r-release-windows-x86_64 | 0.2-8 | 14.00 | 193.00 | 207.00 | NOTE | |
r-oldrel-macos-arm64 | 0.2-8 | 78.00 | NOTE | |||
r-oldrel-macos-x86_64 | 0.2-8 | 190.00 | NOTE | |||
r-oldrel-windows-x86_64 | 0.2-8 | 17.00 | 202.00 | 219.00 | NOTE |
Version: 0.2-8
Check: package dependencies
Result: NOTE
Package suggested but not available for checking: ‘taxidata’
Flavors: r-devel-linux-x86_64-debian-clang, r-devel-linux-x86_64-debian-gcc, r-devel-linux-x86_64-fedora-clang, r-devel-linux-x86_64-fedora-gcc, r-devel-windows-x86_64, r-patched-linux-x86_64, r-release-linux-x86_64, r-release-macos-arm64, r-release-macos-x86_64, r-release-windows-x86_64, r-oldrel-macos-arm64, r-oldrel-macos-x86_64, r-oldrel-windows-x86_64
Version: 0.2-8
Check: Rd cross-references
Result: NOTE
Found the following Rd file(s) with Rd \link{} targets missing package
anchors:
Track-class.Rd: STIDF-class
difftrack-class.Rd: SpatialLinesDataFrame
generalize.Rd: SpatialLines
stbox.Rd: bbox
Please provide package anchors for all Rd \link{} targets not in the
package itself and the base packages.
Flavors: r-devel-linux-x86_64-debian-clang, r-devel-linux-x86_64-debian-gcc, r-devel-windows-x86_64
Version: 0.2-8
Check: tests
Result: NOTE
Running 'tracks.R' [7s]
Comparing 'tracks.Rout' to 'tracks.Rout.save' ...211c211
< Linking to GEOS 3.12.1, GDAL 3.8.4, PROJ 9.3.1; sf_use_s2() is TRUE
---
> Linking to GEOS 3.11.1, GDAL 3.6.4, PROJ 9.1.1; sf_use_s2() is TRUE
Flavor: r-devel-windows-x86_64