CRAN Package Check Results for Package trajectories

Last updated on 2021-04-22 08:48:36 CEST.

Flavor Version Tinstall Tcheck Ttotal Status Flags
r-devel-linux-x86_64-debian-clang 0.2-3 12.15 162.13 174.28 NOTE
r-devel-linux-x86_64-debian-gcc 0.2-3 9.74 125.87 135.61 NOTE
r-devel-linux-x86_64-fedora-clang 0.2-3 229.24 NOTE
r-devel-linux-x86_64-fedora-gcc 0.2-3 214.98 NOTE
r-devel-windows-ix86+x86_64 0.2-3 25.00 206.00 231.00 NOTE
r-devel-windows-x86_64-gcc10-UCRT 0.2-3 NOTE
r-patched-linux-x86_64 0.2-3 13.82 159.98 173.80 NOTE
r-patched-solaris-x86 0.2-3 267.70 NOTE
r-release-linux-x86_64 0.2-3 11.45 158.96 170.41 NOTE
r-release-macos-x86_64 0.2-3 NOTE
r-release-windows-ix86+x86_64 0.2-3 24.00 171.00 195.00 NOTE
r-oldrel-macos-x86_64 0.2-3 NOTE
r-oldrel-windows-ix86+x86_64 0.2-3 21.00 194.00 215.00 NOTE

Check Details

Version: 0.2-3
Check: package dependencies
Result: NOTE
    Package suggested but not available for checking: 'taxidata'
Flavors: r-devel-linux-x86_64-debian-clang, r-devel-linux-x86_64-debian-gcc, r-devel-linux-x86_64-fedora-clang, r-devel-linux-x86_64-fedora-gcc, r-devel-windows-ix86+x86_64, r-patched-linux-x86_64, r-patched-solaris-x86, r-release-linux-x86_64, r-release-macos-x86_64, r-release-windows-ix86+x86_64, r-oldrel-macos-x86_64, r-oldrel-windows-ix86+x86_64

Version: 0.2-3
Check: package dependencies
Result: NOTE
    Packages suggested but not available for checking: 'rgl', 'taxidata'
Flavor: r-devel-windows-x86_64-gcc10-UCRT