Last updated on 2024-04-19 08:54:58 CEST.
Flavor | Version | Tinstall | Tcheck | Ttotal | Status | Flags |
---|---|---|---|---|---|---|
r-devel-linux-x86_64-debian-clang | 1.0.11 | 8.64 | 111.87 | 120.51 | NOTE | |
r-devel-linux-x86_64-debian-gcc | 1.0.11 | NOTE | ||||
r-devel-linux-x86_64-fedora-clang | 1.0.11 | 151.79 | NOTE | |||
r-devel-linux-x86_64-fedora-gcc | 1.0.11 | 174.03 | NOTE | |||
r-prerel-macos-arm64 | 1.0.11 | 198.00 | NOTE | |||
r-prerel-windows-x86_64 | 1.0.11 | 11.00 | 423.00 | 434.00 | NOTE | |
r-patched-linux-x86_64 | 1.0.11 | 9.09 | 107.95 | 117.04 | NOTE | |
r-release-linux-x86_64 | 1.0.11 | 6.81 | 106.45 | 113.26 | OK | |
r-release-macos-arm64 | 1.0.11 | 198.00 | OK | |||
r-release-macos-x86_64 | 1.0.11 | 504.00 | OK | |||
r-release-windows-x86_64 | 1.0.11 | 14.00 | 416.00 | 430.00 | OK | |
r-oldrel-macos-arm64 | 1.0.11 | 189.00 | OK | |||
r-oldrel-windows-x86_64 | 1.0.11 | 13.00 | 410.00 | 423.00 | OK |
Version: 1.0.11
Check: Rd files
Result: NOTE
checkRd: (-1) Blavet.Rd:15: Lost braces in \itemize; meant \describe ?
checkRd: (-1) Blavet.Rd:16: Lost braces in \itemize; meant \describe ?
checkRd: (-1) Blavet.Rd:17: Lost braces in \itemize; meant \describe ?
checkRd: (-1) Blavet.Rd:18: Lost braces in \itemize; meant \describe ?
checkRd: (-1) Blavet.Rd:19: Lost braces in \itemize; meant \describe ?
checkRd: (-1) Blavet.Rd:20: Lost braces in \itemize; meant \describe ?
checkRd: (-1) Blavet.Rd:28: Lost braces in \itemize; meant \describe ?
checkRd: (-1) Blavet.Rd:29: Lost braces in \itemize; meant \describe ?
checkRd: (-1) Blavet.Rd:30: Lost braces in \itemize; meant \describe ?
checkRd: (-1) Oudon.Rd:15: Lost braces in \itemize; meant \describe ?
checkRd: (-1) Oudon.Rd:16: Lost braces in \itemize; meant \describe ?
checkRd: (-1) Oudon.Rd:17: Lost braces in \itemize; meant \describe ?
checkRd: (-1) Oudon.Rd:18: Lost braces in \itemize; meant \describe ?
checkRd: (-1) Oudon.Rd:19: Lost braces in \itemize; meant \describe ?
checkRd: (-1) Oudon.Rd:20: Lost braces in \itemize; meant \describe ?
checkRd: (-1) Oudon.Rd:28: Lost braces in \itemize; meant \describe ?
checkRd: (-1) Oudon.Rd:29: Lost braces in \itemize; meant \describe ?
Flavors: r-devel-linux-x86_64-debian-clang, r-devel-linux-x86_64-debian-gcc, r-devel-linux-x86_64-fedora-clang, r-devel-linux-x86_64-fedora-gcc, r-prerel-macos-arm64, r-prerel-windows-x86_64, r-patched-linux-x86_64