Last updated on 2024-03-12 07:50:10 CET.
Flavor | Version | Tinstall | Tcheck | Ttotal | Status | Flags |
---|---|---|---|---|---|---|
r-devel-linux-x86_64-debian-clang | 0.14-7 | 118.13 | 81.21 | 199.34 | OK | |
r-devel-linux-x86_64-debian-gcc | 0.14-7 | 87.12 | 63.10 | 150.22 | OK | |
r-devel-linux-x86_64-fedora-clang | 0.14-7 | 301.40 | OK | |||
r-devel-linux-x86_64-fedora-gcc | 0.14-7 | 272.01 | OK | |||
r-devel-windows-x86_64 | 0.14-7 | 91.00 | 110.00 | 201.00 | OK | |
r-patched-linux-x86_64 | 0.14-7 | 104.05 | 84.23 | 188.28 | OK | |
r-release-linux-x86_64 | 0.14-7 | 112.00 | 81.79 | 193.79 | OK | |
r-release-macos-arm64 | 0.14-7 | 80.00 | NOTE | |||
r-release-macos-x86_64 | 0.14-7 | 120.00 | NOTE | |||
r-release-windows-x86_64 | 0.14-7 | 112.00 | 125.00 | 237.00 | OK | |
r-oldrel-macos-arm64 | 0.14-7 | 65.00 | NOTE | |||
r-oldrel-windows-x86_64 | 0.14-7 | 101.00 | 122.00 | 223.00 | OK |
Version: 0.14-7
Check: installed package size
Result: NOTE
installed size is 5.9Mb
sub-directories of 1Mb or more:
libs 5.3Mb
Flavors: r-release-macos-arm64, r-release-macos-x86_64, r-oldrel-macos-arm64