CRAN Package Check Results for Package tree.interpreter

Last updated on 2024-05-27 08:49:40 CEST.

Flavor Version Tinstall Tcheck Ttotal Status Flags
r-devel-linux-x86_64-debian-clang 0.1.1 47.17 57.00 104.17 NOTE
r-devel-linux-x86_64-debian-gcc 0.1.1 31.11 43.99 75.10 NOTE
r-devel-linux-x86_64-fedora-clang 0.1.1 149.76 NOTE
r-devel-linux-x86_64-fedora-gcc 0.1.1 162.66 NOTE
r-devel-windows-x86_64 0.1.1 35.00 82.00 117.00 NOTE
r-patched-linux-x86_64 0.1.1 36.79 53.77 90.56 NOTE
r-release-linux-x86_64 0.1.1 36.88 55.04 91.92 NOTE
r-release-macos-arm64 0.1.1 40.00 NOTE
r-release-windows-x86_64 0.1.1 35.00 82.00 117.00 NOTE
r-oldrel-macos-arm64 0.1.1 48.00 NOTE
r-oldrel-macos-x86_64 0.1.1 77.00 NOTE
r-oldrel-windows-x86_64 0.1.1 43.00 96.00 139.00 NOTE

Check Details

Version: 0.1.1
Check: C++ specification
Result: NOTE Specified C++11: please drop specification unless essential Flavors: r-devel-linux-x86_64-debian-clang, r-devel-linux-x86_64-debian-gcc, r-devel-linux-x86_64-fedora-clang, r-devel-linux-x86_64-fedora-gcc, r-devel-windows-x86_64, r-patched-linux-x86_64, r-release-linux-x86_64, r-release-macos-arm64, r-release-windows-x86_64, r-oldrel-macos-arm64, r-oldrel-macos-x86_64, r-oldrel-windows-x86_64