Last updated on 2024-04-19 08:54:58 CEST.
Flavor | Version | Tinstall | Tcheck | Ttotal | Status | Flags |
---|---|---|---|---|---|---|
r-devel-linux-x86_64-debian-clang | 1.0.2 | 5.89 | 134.02 | 139.91 | OK | |
r-devel-linux-x86_64-debian-gcc | 1.0.2 | OK | ||||
r-devel-linux-x86_64-fedora-clang | 1.0.2 | 179.97 | OK | |||
r-devel-linux-x86_64-fedora-gcc | 1.0.2 | 185.63 | OK | |||
r-prerel-macos-arm64 | 1.0.2 | 71.00 | OK | |||
r-prerel-windows-x86_64 | 1.0.2 | 6.00 | 112.00 | 118.00 | OK | |
r-patched-linux-x86_64 | 1.0.2 | 5.61 | 131.13 | 136.74 | OK | |
r-release-linux-x86_64 | 1.0.2 | 6.07 | 128.50 | 134.57 | OK | |
r-release-macos-arm64 | 1.0.2 | 193.00 | OK | |||
r-release-macos-x86_64 | 1.0.2 | 115.00 | NOTE | |||
r-release-windows-x86_64 | 1.0.2 | 8.00 | 137.00 | 145.00 | OK | |
r-oldrel-macos-arm64 | 1.0.2 | 153.00 | OK | |||
r-oldrel-windows-x86_64 | 1.0.2 | 8.00 | 140.00 | 148.00 | OK |
Version: 1.0.2
Check: package dependencies
Result: NOTE
Package suggested but not available for checking: ‘Seurat’
Flavor: r-release-macos-x86_64