Last updated on 2024-08-31 08:48:25 CEST.
Flavor | Version | Tinstall | Tcheck | Ttotal | Status | Flags |
---|---|---|---|---|---|---|
r-devel-linux-x86_64-debian-clang | 0.1.0 | 10.57 | 116.10 | 126.67 | OK | |
r-devel-linux-x86_64-debian-gcc | 0.1.0 | 6.98 | 82.56 | 89.54 | OK | |
r-devel-linux-x86_64-fedora-clang | 0.1.0 | 199.46 | OK | |||
r-devel-linux-x86_64-fedora-gcc | 0.1.0 | 197.32 | OK | |||
r-devel-windows-x86_64 | 0.1.0 | 12.00 | 121.00 | 133.00 | OK | |
r-patched-linux-x86_64 | 0.1.0 | 8.96 | 108.98 | 117.94 | OK | |
r-release-linux-x86_64 | 0.1.0 | 9.33 | 108.82 | 118.15 | OK | |
r-release-macos-arm64 | 0.1.0 | 61.00 | OK | |||
r-release-macos-x86_64 | 0.1.0 | 86.00 | OK | |||
r-release-windows-x86_64 | 0.1.0 | 14.00 | 126.00 | 140.00 | OK | |
r-oldrel-macos-arm64 | 0.1.0 | 65.00 | OK | |||
r-oldrel-macos-x86_64 | 0.1.0 | 105.00 | NOTE | |||
r-oldrel-windows-x86_64 | 0.1.0 | 16.00 | 142.00 | 158.00 | OK |
Version: 0.1.0
Check: package dependencies
Result: NOTE
Package suggested but not available for checking: ‘brms’
Flavor: r-oldrel-macos-x86_64
Version: 0.1.0
Check: Rd cross-references
Result: NOTE
Package unavailable to check Rd xrefs: ‘brms’
Flavor: r-oldrel-macos-x86_64