Last updated on 2024-03-12 07:50:10 CET.
Flavor | Version | Tinstall | Tcheck | Ttotal | Status | Flags |
---|---|---|---|---|---|---|
r-devel-linux-x86_64-debian-clang | 0.1.6 | 1095.04 | 623.60 | 1718.64 | NOTE | |
r-devel-linux-x86_64-debian-gcc | 0.1.6 | 1057.00 | 561.89 | 1618.89 | NOTE | |
r-devel-linux-x86_64-fedora-clang | 0.1.6 | 2193.48 | NOTE | |||
r-devel-linux-x86_64-fedora-gcc | 0.1.6 | 2939.39 | NOTE | |||
r-devel-windows-x86_64 | 0.1.6 | 856.00 | 633.00 | 1489.00 | NOTE | |
r-patched-linux-x86_64 | 0.1.6 | 916.12 | 741.69 | 1657.81 | NOTE | |
r-release-linux-x86_64 | 0.1.6 | 0.01 | 3.03 | 3.04 | ERROR | |
r-release-macos-arm64 | 0.1.6 | 579.00 | NOTE | |||
r-release-macos-x86_64 | 0.1.6 | 947.00 | NOTE | |||
r-release-windows-x86_64 | 0.1.6 | 1110.00 | 760.00 | 1870.00 | NOTE | |
r-oldrel-macos-arm64 | 0.1.6 | 354.00 | NOTE | |||
r-oldrel-windows-x86_64 | 0.1.6 | 1099.00 | 719.00 | 1818.00 | NOTE |
Version: 0.1.6
Check: for GNU extensions in Makefiles
Result: NOTE
GNU make is a SystemRequirements.
Flavors: r-devel-linux-x86_64-debian-clang, r-devel-linux-x86_64-debian-gcc, r-devel-linux-x86_64-fedora-clang, r-devel-linux-x86_64-fedora-gcc, r-devel-windows-x86_64, r-patched-linux-x86_64, r-release-macos-arm64, r-release-macos-x86_64, r-release-windows-x86_64, r-oldrel-macos-arm64, r-oldrel-windows-x86_64
Version: 0.1.6
Check: installed package size
Result: NOTE
installed size is 14.5Mb
sub-directories of 1Mb or more:
doc 3.9Mb
libs 9.5Mb
Flavors: r-devel-linux-x86_64-fedora-clang, r-devel-windows-x86_64, r-release-macos-arm64, r-release-macos-x86_64, r-release-windows-x86_64, r-oldrel-macos-arm64, r-oldrel-windows-x86_64
Version: 0.1.6
Check: whether package can be installed
Result: ERROR
Installation failed.
Flavor: r-release-linux-x86_64