CRAN Package Check Results for Package triangle

Last updated on 2021-06-12 09:54:05 CEST.

Flavor Version Tinstall Tcheck Ttotal Status Flags
r-devel-linux-x86_64-debian-clang 0.12 2.53 28.11 30.64 NOTE
r-devel-linux-x86_64-debian-gcc 0.12 2.20 22.22 24.42 NOTE
r-devel-linux-x86_64-fedora-clang 0.12 45.73 NOTE
r-devel-linux-x86_64-fedora-gcc 0.12 36.59 NOTE
r-devel-windows-x86_64 0.12 5.00 44.00 49.00 NOTE
r-devel-windows-x86_64-gcc10-UCRT 0.12 NOTE
r-patched-linux-x86_64 0.12 2.28 27.45 29.73 NOTE
r-patched-solaris-x86 0.12 57.00 NOTE
r-release-linux-x86_64 0.12 2.29 27.65 29.94 NOTE
r-release-macos-arm64 0.12 NOTE
r-release-macos-x86_64 0.12 NOTE
r-release-windows-ix86+x86_64 0.12 5.00 45.00 50.00 NOTE
r-oldrel-macos-x86_64 0.12 OK
r-oldrel-windows-ix86+x86_64 0.12 5.00 42.00 47.00 OK

Check Details

Version: 0.12
Check: LazyData
Result: NOTE
     'LazyData' is specified without a 'data' directory
Flavors: r-devel-linux-x86_64-debian-clang, r-devel-linux-x86_64-debian-gcc, r-devel-linux-x86_64-fedora-clang, r-devel-linux-x86_64-fedora-gcc, r-devel-windows-x86_64, r-devel-windows-x86_64-gcc10-UCRT, r-patched-linux-x86_64, r-patched-solaris-x86, r-release-linux-x86_64, r-release-macos-arm64, r-release-macos-x86_64, r-release-windows-ix86+x86_64