CRAN Package Check Results for Package triangulr

Last updated on 2024-04-24 07:57:56 CEST.

Flavor Version Tinstall Tcheck Ttotal Status Flags
r-devel-linux-x86_64-debian-clang 1.2.1 7.90 37.45 45.35 NOTE
r-devel-linux-x86_64-debian-gcc 1.2.1 6.80 28.42 35.22 NOTE
r-devel-linux-x86_64-fedora-clang 1.2.1 63.32 NOTE
r-devel-linux-x86_64-fedora-gcc 1.2.1 55.91 NOTE
r-prerel-macos-arm64 1.2.1 23.00 NOTE
r-prerel-windows-x86_64 1.2.1 9.00 53.00 62.00 NOTE
r-patched-linux-x86_64 1.2.1 9.27 35.70 44.97 NOTE
r-release-linux-x86_64 1.2.1 8.61 36.43 45.04 NOTE
r-release-macos-arm64 1.2.1 24.00 NOTE
r-release-macos-x86_64 1.2.1 33.00 NOTE
r-release-windows-x86_64 1.2.1 12.00 58.00 70.00 NOTE
r-oldrel-macos-arm64 1.2.1 22.00 OK
r-oldrel-windows-x86_64 1.2.1 11.00 61.00 72.00 OK

Check Details

Version: 1.2.1
Check: C++ specification
Result: NOTE Specified C++11: please drop specification unless essential Flavors: r-devel-linux-x86_64-debian-clang, r-devel-linux-x86_64-debian-gcc, r-devel-linux-x86_64-fedora-clang, r-devel-linux-x86_64-fedora-gcc, r-prerel-macos-arm64, r-prerel-windows-x86_64, r-patched-linux-x86_64, r-release-linux-x86_64, r-release-macos-arm64, r-release-macos-x86_64, r-release-windows-x86_64

Version: 1.2.1
Check: compiled code
Result: NOTE File ‘triangulr/libs/triangulr.so’: Found non-API calls to R: ‘SETLENGTH’, ‘SET_TRUELENGTH’ Compiled code should not call non-API entry points in R. See ‘Writing portable packages’ in the ‘Writing R Extensions’ manual. Flavors: r-devel-linux-x86_64-debian-clang, r-devel-linux-x86_64-debian-gcc, r-devel-linux-x86_64-fedora-clang, r-devel-linux-x86_64-fedora-gcc