Last updated on 2024-03-12 07:50:10 CET.
Flavor | Version | Tinstall | Tcheck | Ttotal | Status | Flags |
---|---|---|---|---|---|---|
r-devel-linux-x86_64-debian-clang | 1.3-9.1 | 10.95 | 38.53 | 49.48 | WARN | |
r-devel-linux-x86_64-debian-gcc | 1.3-9.1 | 6.84 | 29.74 | 36.58 | OK | |
r-devel-linux-x86_64-fedora-clang | 1.3-9.1 | 60.82 | NOTE | |||
r-devel-linux-x86_64-fedora-gcc | 1.3-9.1 | 57.12 | OK | |||
r-devel-windows-x86_64 | 1.3-9.1 | 11.00 | 64.00 | 75.00 | OK | |
r-patched-linux-x86_64 | 1.3-9.1 | 9.73 | 39.20 | 48.93 | OK | |
r-release-linux-x86_64 | 1.3-9.1 | 8.12 | 38.27 | 46.39 | OK | |
r-release-macos-arm64 | 1.3-9.1 | 25.00 | OK | |||
r-release-macos-x86_64 | 1.3-9.1 | 37.00 | OK | |||
r-release-windows-x86_64 | 1.3-9.1 | 13.00 | 68.00 | 81.00 | OK | |
r-oldrel-macos-arm64 | 1.3-9.1 | 27.00 | OK | |||
r-oldrel-windows-x86_64 | 1.3-9.1 | 20.00 | 60.00 | 80.00 | OK |
Version: 1.3-9.1
Check: whether package can be installed
Result: WARN
Found the following significant warnings:
flang-new: warning: argument unused during compilation: '-Wall' [-Wunused-command-line-argument]
See ‘/home/hornik/tmp/R.check/r-devel-clang/Work/PKGS/tripack.Rcheck/00install.out’ for details.
* used C compiler: ‘Debian clang version 18.1.0 (rc4-1)’
* used Fortran compiler: ‘Debian flang-new version 18.1.0 (rc4-1)’
Flavor: r-devel-linux-x86_64-debian-clang
Version: 1.3-9.1
Check: Rd cross-references
Result: NOTE
Undeclared package ‘akima’ in Rd xrefs
Flavor: r-devel-linux-x86_64-fedora-clang