Last updated on 2024-03-12 07:50:10 CET.
Flavor | Version | Tinstall | Tcheck | Ttotal | Status | Flags |
---|---|---|---|---|---|---|
r-devel-linux-x86_64-debian-clang | 0.10-55 | 10.67 | 56.66 | 67.33 | WARN | |
r-devel-linux-x86_64-debian-gcc | 0.10-55 | 8.20 | 43.89 | 52.09 | OK | |
r-devel-linux-x86_64-fedora-clang | 0.10-55 | 84.00 | NOTE | |||
r-devel-linux-x86_64-fedora-gcc | 0.10-55 | 79.48 | NOTE | |||
r-devel-windows-x86_64 | 0.10-55 | 14.00 | 74.00 | 88.00 | OK | |
r-patched-linux-x86_64 | 0.10-55 | 11.51 | 56.54 | 68.05 | OK | |
r-release-linux-x86_64 | 0.10-55 | 9.70 | 55.24 | 64.94 | OK | |
r-release-macos-arm64 | 0.10-55 | 41.00 | OK | |||
r-release-macos-x86_64 | 0.10-55 | 67.00 | OK | |||
r-release-windows-x86_64 | 0.10-55 | 16.00 | 81.00 | 97.00 | OK | |
r-oldrel-macos-arm64 | 0.10-55 | 42.00 | OK | |||
r-oldrel-windows-x86_64 | 0.10-55 | 14.00 | 86.00 | 100.00 | OK |
Version: 0.10-55
Check: whether package can be installed
Result: WARN
Found the following significant warnings:
flang-new: warning: argument unused during compilation: '-Wall' [-Wunused-command-line-argument]
See ‘/home/hornik/tmp/R.check/r-devel-clang/Work/PKGS/tseries.Rcheck/00install.out’ for details.
* used C compiler: ‘Debian clang version 18.1.0 (rc4-1)’
* used Fortran compiler: ‘Debian flang-new version 18.1.0 (rc4-1)’
Flavor: r-devel-linux-x86_64-debian-clang
Version: 0.10-55
Check: dependencies in R code
Result: NOTE
Namespace in Imports field not imported from: ‘jsonlite’
All declared Imports should be used.
Flavors: r-devel-linux-x86_64-fedora-clang, r-devel-linux-x86_64-fedora-gcc