Last updated on 2024-04-30 08:53:25 CEST.
Flavor | Version | Tinstall | Tcheck | Ttotal | Status | Flags |
---|---|---|---|---|---|---|
r-devel-linux-x86_64-debian-clang | 0.4.0 | 10.51 | 89.50 | 100.01 | OK | |
r-devel-linux-x86_64-debian-gcc | 0.4.0 | 8.74 | 66.89 | 75.63 | OK | |
r-devel-linux-x86_64-fedora-clang | 0.4.0 | 128.38 | NOTE | |||
r-devel-linux-x86_64-fedora-gcc | 0.4.0 | 118.76 | OK | |||
r-devel-windows-x86_64 | 0.4.0 | 10.00 | 84.00 | 94.00 | OK | |
r-patched-linux-x86_64 | 0.4.0 | 7.76 | 84.60 | 92.36 | OK | |
r-release-linux-x86_64 | 0.4.0 | 7.27 | 86.54 | 93.81 | OK | |
r-release-macos-arm64 | 0.4.0 | 36.00 | OK | |||
r-release-windows-x86_64 | 0.4.0 | 12.00 | 84.00 | 96.00 | OK | |
r-oldrel-macos-arm64 | 0.4.0 | 44.00 | OK | |||
r-oldrel-macos-x86_64 | 0.4.0 | 67.00 | OK | |||
r-oldrel-windows-x86_64 | 0.4.0 | 13.00 | 101.00 | 114.00 | OK |
Version: 0.4.0
Check: Rd cross-references
Result: NOTE
Undeclared packages ‘ggplot2’, ‘crosstalk’ in Rd xrefs
Flavor: r-devel-linux-x86_64-fedora-clang