CRAN Package Check Results for Package tuneRanger

Last updated on 2021-05-14 09:51:11 CEST.

Flavor Version Tinstall Tcheck Ttotal Status Flags
r-devel-linux-x86_64-debian-clang 0.5 12.79 143.81 156.60 NOTE
r-devel-linux-x86_64-debian-gcc 0.5 11.10 108.07 119.17 NOTE
r-devel-linux-x86_64-fedora-clang 0.5 198.08 NOTE
r-devel-linux-x86_64-fedora-gcc 0.5 182.78 NOTE
r-devel-windows-ix86+x86_64 0.5 31.00 117.00 148.00 NOTE
r-devel-windows-x86_64-gcc10-UCRT 0.5 NOTE
r-patched-linux-x86_64 0.5 12.09 134.12 146.21 NOTE
r-patched-solaris-x86 0.5 284.30 NOTE
r-release-linux-x86_64 0.5 13.77 133.94 147.71 OK
r-release-macos-x86_64 0.5 OK
r-release-windows-ix86+x86_64 0.5 25.00 171.00 196.00 OK
r-oldrel-macos-x86_64 0.5 OK
r-oldrel-windows-ix86+x86_64 0.5 29.00 165.00 194.00 OK

Check Details

Version: 0.5
Check: LazyData
Result: NOTE
     'LazyData' is specified without a 'data' directory
Flavors: r-devel-linux-x86_64-debian-clang, r-devel-linux-x86_64-debian-gcc, r-devel-linux-x86_64-fedora-clang, r-devel-linux-x86_64-fedora-gcc, r-devel-windows-ix86+x86_64, r-devel-windows-x86_64-gcc10-UCRT, r-patched-linux-x86_64, r-patched-solaris-x86

Version: 0.5
Check: Rd cross-references
Result: NOTE
    Undeclared package ‘randomForest’ in Rd xrefs
Flavor: r-devel-linux-x86_64-fedora-clang