Last updated on 2024-03-12 07:50:10 CET.
Flavor | Version | Tinstall | Tcheck | Ttotal | Status | Flags |
---|---|---|---|---|---|---|
r-devel-linux-x86_64-debian-clang | 1.0 | 10.59 | 478.42 | 489.01 | OK | |
r-devel-linux-x86_64-debian-gcc | 1.0 | 8.44 | 1050.84 | 1059.28 | OK | |
r-devel-linux-x86_64-fedora-clang | 1.0 | 897.83 | NOTE | |||
r-devel-linux-x86_64-fedora-gcc | 1.0 | 975.60 | OK | |||
r-devel-windows-x86_64 | 1.0 | 11.00 | 297.00 | 308.00 | OK | |
r-patched-linux-x86_64 | 1.0 | 16.28 | 1000.81 | 1017.09 | OK | |
r-release-linux-x86_64 | 1.0 | 9.88 | 954.02 | 963.90 | OK | |
r-release-macos-arm64 | 1.0 | 334.00 | OK | |||
r-release-macos-x86_64 | 1.0 | 519.00 | NOTE | |||
r-release-windows-x86_64 | 1.0 | 14.00 | 373.00 | 387.00 | OK | |
r-oldrel-macos-arm64 | 1.0 | 287.00 | OK | |||
r-oldrel-windows-x86_64 | 1.0 | 14.00 | 394.00 | 408.00 | OK |
Version: 1.0
Check: Rd cross-references
Result: NOTE
Undeclared package ‘twang’ in Rd xrefs
Flavor: r-devel-linux-x86_64-fedora-clang
Version: 1.0
Check: Rd cross-references
Result: NOTE
Package unavailable to check Rd xrefs: ‘twang’
Flavor: r-release-macos-x86_64