Last updated on 2024-03-12 07:50:10 CET.
Flavor | Version | Tinstall | Tcheck | Ttotal | Status | Flags |
---|---|---|---|---|---|---|
r-devel-linux-x86_64-debian-clang | 0.3.8 | 15.98 | 218.61 | 234.59 | NOTE | |
r-devel-linux-x86_64-debian-gcc | 0.3.8 | 11.71 | 164.98 | 176.69 | NOTE | |
r-devel-linux-x86_64-fedora-clang | 0.3.8 | 302.34 | NOTE | |||
r-devel-linux-x86_64-fedora-gcc | 0.3.8 | 286.49 | NOTE | |||
r-devel-windows-x86_64 | 0.3.8 | 15.00 | 175.00 | 190.00 | NOTE | |
r-patched-linux-x86_64 | 0.3.8 | 9.45 | 211.04 | 220.49 | NOTE | |
r-release-linux-x86_64 | 0.3.8 | 9.15 | 210.40 | 219.55 | NOTE | |
r-release-macos-arm64 | 0.3.8 | 85.00 | NOTE | |||
r-release-macos-x86_64 | 0.3.8 | 140.00 | NOTE | |||
r-release-windows-x86_64 | 0.3.8 | 16.00 | 217.00 | 233.00 | NOTE | |
r-oldrel-macos-arm64 | 0.3.8 | 68.00 | NOTE | |||
r-oldrel-windows-x86_64 | 0.3.8 | 18.00 | 213.00 | 231.00 | NOTE |
Version: 0.3.8
Check: package dependencies
Result: NOTE
Package which this enhances but not available for checking: ‘sl3’
Flavors: r-devel-linux-x86_64-debian-clang, r-devel-linux-x86_64-debian-gcc, r-devel-linux-x86_64-fedora-clang, r-devel-linux-x86_64-fedora-gcc, r-devel-windows-x86_64, r-patched-linux-x86_64, r-release-linux-x86_64, r-release-macos-arm64, r-release-macos-x86_64, r-release-windows-x86_64, r-oldrel-macos-arm64, r-oldrel-windows-x86_64
Version: 0.3.8
Check: Rd files
Result: NOTE
checkRd: (-1) est_g_exp.Rd:55: Lost braces; missing escapes or markup?
55 | {A - delta}, {A + delta}, and {A + 2 * delta}).
| ^
checkRd: (-1) est_g_exp.Rd:55: Lost braces; missing escapes or markup?
55 | {A - delta}, {A + delta}, and {A + 2 * delta}).
| ^
checkRd: (-1) est_g_exp.Rd:55: Lost braces; missing escapes or markup?
55 | {A - delta}, {A + delta}, and {A + 2 * delta}).
| ^
Flavors: r-devel-linux-x86_64-debian-clang, r-devel-linux-x86_64-debian-gcc, r-devel-linux-x86_64-fedora-clang, r-devel-linux-x86_64-fedora-gcc, r-devel-windows-x86_64