Last updated on 2024-04-19 08:54:58 CEST.
Flavor | Version | Tinstall | Tcheck | Ttotal | Status | Flags |
---|---|---|---|---|---|---|
r-devel-linux-x86_64-debian-clang | 0.3.5 | 3.91 | 43.14 | 47.05 | NOTE | |
r-devel-linux-x86_64-debian-gcc | 0.3.5 | NOTE | ||||
r-devel-linux-x86_64-fedora-clang | 0.3.5 | 58.28 | NOTE | |||
r-devel-linux-x86_64-fedora-gcc | 0.3.5 | 55.71 | NOTE | |||
r-prerel-macos-arm64 | 0.3.5 | 26.00 | NOTE | |||
r-prerel-windows-x86_64 | 0.3.5 | 5.00 | 50.00 | 55.00 | NOTE | |
r-patched-linux-x86_64 | 0.3.5 | 3.38 | 39.54 | 42.92 | NOTE | |
r-release-linux-x86_64 | 0.3.5 | 4.69 | 40.11 | 44.80 | NOTE | |
r-release-macos-arm64 | 0.3.5 | 22.00 | NOTE | |||
r-release-macos-x86_64 | 0.3.5 | 31.00 | NOTE | |||
r-release-windows-x86_64 | 0.3.5 | 5.00 | 55.00 | 60.00 | NOTE | |
r-oldrel-macos-arm64 | 0.3.5 | 17.00 | OK | |||
r-oldrel-windows-x86_64 | 0.3.5 | 6.00 | 62.00 | 68.00 | OK |
Version: 0.3.5
Check: package subdirectories
Result: NOTE
Problems with news in ‘NEWS.md’:
No news entries found.
Flavors: r-devel-linux-x86_64-debian-clang, r-devel-linux-x86_64-debian-gcc, r-devel-linux-x86_64-fedora-clang, r-devel-linux-x86_64-fedora-gcc, r-prerel-macos-arm64, r-prerel-windows-x86_64, r-patched-linux-x86_64, r-release-linux-x86_64, r-release-macos-arm64, r-release-macos-x86_64, r-release-windows-x86_64