Last updated on 2024-04-23 08:58:20 CEST.
Flavor | Version | Tinstall | Tcheck | Ttotal | Status | Flags |
---|---|---|---|---|---|---|
r-devel-linux-x86_64-debian-clang | 1.0.0 | 0.90 | 2.44 | 3.34 | ERROR | |
r-devel-linux-x86_64-debian-gcc | 1.0.0 | 21.62 | 194.71 | 216.33 | OK | |
r-devel-linux-x86_64-fedora-clang | 1.0.0 | 369.65 | OK | |||
r-devel-linux-x86_64-fedora-gcc | 1.0.0 | 373.82 | OK | |||
r-prerel-macos-arm64 | 1.0.0 | 96.00 | OK | |||
r-prerel-macos-x86_64 | 1.0.0 | 190.00 | OK | |||
r-prerel-windows-x86_64 | 1.0.0 | 23.00 | 208.00 | 231.00 | OK | |
r-patched-linux-x86_64 | 1.0.0 | 25.93 | 254.11 | 280.04 | OK | |
r-release-linux-x86_64 | 1.0.0 | 18.53 | 263.07 | 281.60 | OK | |
r-release-macos-arm64 | 1.0.0 | 104.00 | OK | |||
r-release-macos-x86_64 | 1.0.0 | 158.00 | OK | |||
r-release-windows-x86_64 | 1.0.0 | 32.00 | 256.00 | 288.00 | OK | |
r-oldrel-macos-arm64 | 1.0.0 | 99.00 | OK | |||
r-oldrel-windows-x86_64 | 1.0.0 | 34.00 | 260.00 | 294.00 | OK |
Version: 1.0.0
Check: package dependencies
Result: ERROR
Package required but not available: ‘Rsamtools’
See section ‘The DESCRIPTION file’ in the ‘Writing R Extensions’
manual.
Flavor: r-devel-linux-x86_64-debian-clang