Last updated on 2024-08-31 08:48:26 CEST.
Flavor | Version | Tinstall | Tcheck | Ttotal | Status | Flags |
---|---|---|---|---|---|---|
r-devel-linux-x86_64-debian-clang | 0.3.0 | 4.84 | 36.09 | 40.93 | OK | |
r-devel-linux-x86_64-debian-gcc | 0.3.0 | 4.44 | 28.43 | 32.87 | OK | |
r-devel-linux-x86_64-fedora-clang | 0.3.0 | 68.33 | NOTE | |||
r-devel-linux-x86_64-fedora-gcc | 0.3.0 | 77.27 | NOTE | |||
r-devel-windows-x86_64 | 0.3.0 | 6.00 | 55.00 | 61.00 | OK | |
r-patched-linux-x86_64 | 0.3.0 | 5.43 | 35.40 | 40.83 | OK | |
r-release-linux-x86_64 | 0.3.0 | 5.02 | 35.43 | 40.45 | OK | |
r-release-macos-arm64 | 0.3.0 | 30.00 | OK | |||
r-release-macos-x86_64 | 0.3.0 | 46.00 | OK | |||
r-release-windows-x86_64 | 0.3.0 | 7.00 | 60.00 | 67.00 | OK | |
r-oldrel-macos-arm64 | 0.3.0 | 35.00 | OK | |||
r-oldrel-macos-x86_64 | 0.3.0 | 53.00 | OK | |||
r-oldrel-windows-x86_64 | 0.3.0 | 7.00 | 60.00 | 67.00 | OK |
Version: 0.3.0
Check: data for non-ASCII characters
Result: NOTE
Note: found 7872 marked UTF-8 strings
Flavors: r-devel-linux-x86_64-fedora-clang, r-devel-linux-x86_64-fedora-gcc