CRAN Package Check Results for Package uptasticsearch

Last updated on 2024-05-19 08:53:57 CEST.

Flavor Version Tinstall Tcheck Ttotal Status Flags
r-devel-linux-x86_64-debian-clang 0.4.0 5.11 51.73 56.84 NOTE
r-devel-linux-x86_64-debian-gcc 0.4.0 4.07 38.43 42.50 NOTE
r-devel-linux-x86_64-fedora-clang 0.4.0 72.92 NOTE
r-devel-linux-x86_64-fedora-gcc 0.4.0 121.44 NOTE
r-devel-windows-x86_64 0.4.0 6.00 58.00 64.00 NOTE
r-patched-linux-x86_64 0.4.0 4.61 47.55 52.16 NOTE
r-release-linux-x86_64 0.4.0 3.71 49.65 53.36 NOTE
r-release-macos-arm64 0.4.0 36.00 NOTE
r-release-windows-x86_64 0.4.0 7.00 61.00 68.00 NOTE
r-oldrel-macos-arm64 0.4.0 36.00 NOTE
r-oldrel-macos-x86_64 0.4.0 73.00 NOTE
r-oldrel-windows-x86_64 0.4.0 7.00 65.00 72.00 NOTE

Check Details

Version: 0.4.0
Check: LazyData
Result: NOTE 'LazyData' is specified without a 'data' directory Flavors: r-devel-linux-x86_64-debian-clang, r-devel-linux-x86_64-debian-gcc, r-devel-linux-x86_64-fedora-clang, r-devel-linux-x86_64-fedora-gcc, r-devel-windows-x86_64, r-patched-linux-x86_64, r-release-linux-x86_64, r-release-macos-arm64, r-release-windows-x86_64, r-oldrel-macos-arm64, r-oldrel-macos-x86_64, r-oldrel-windows-x86_64