CRAN Package Check Results for Package usethis

Last updated on 2020-10-26 07:50:06 CET.

Flavor Version Tinstall Tcheck Ttotal Status Flags
r-devel-linux-x86_64-debian-clang 1.6.3 7.82 101.35 109.17 OK
r-devel-linux-x86_64-debian-gcc 1.6.3 6.11 75.99 82.10 OK
r-devel-linux-x86_64-fedora-clang 1.6.3 135.35 OK
r-devel-linux-x86_64-fedora-gcc 1.6.3 135.92 OK
r-devel-windows-ix86+x86_64 1.6.3 14.00 142.00 156.00 OK
r-patched-linux-x86_64 1.6.3 6.88 95.94 102.82 OK
r-patched-solaris-x86 1.6.3 157.20 NOTE
r-release-linux-x86_64 1.6.3 7.72 96.37 104.09 OK
r-release-macos-x86_64 1.6.3 OK
r-release-windows-ix86+x86_64 1.6.3 11.00 110.00 121.00 OK
r-oldrel-macos-x86_64 1.6.3 OK
r-oldrel-windows-ix86+x86_64 1.6.3 12.00 153.00 165.00 OK

Check Details

Version: 1.6.3
Check: package dependencies
Result: NOTE
    Package suggested but not available for checking: ‘pkgdown’
Flavor: r-patched-solaris-x86