Last updated on 2024-04-18 08:54:53 CEST.
Flavor | Version | Tinstall | Tcheck | Ttotal | Status | Flags |
---|---|---|---|---|---|---|
r-devel-linux-x86_64-debian-clang | 2.2.3 | 12.79 | 187.43 | 200.22 | OK | |
r-devel-linux-x86_64-debian-gcc | 2.2.3 | 10.20 | 136.60 | 146.80 | OK | |
r-devel-linux-x86_64-fedora-clang | 2.2.3 | 243.09 | NOTE | |||
r-devel-linux-x86_64-fedora-gcc | 2.2.3 | 216.80 | OK | |||
r-prerel-macos-arm64 | 2.2.3 | 58.00 | OK | |||
r-prerel-macos-x86_64 | 2.2.3 | 146.00 | OK | |||
r-prerel-windows-x86_64 | 2.2.3 | 14.00 | 166.00 | 180.00 | OK | |
r-patched-linux-x86_64 | 2.2.3 | 11.78 | 175.39 | 187.17 | OK | |
r-release-linux-x86_64 | 2.2.3 | 12.82 | 173.64 | 186.46 | OK | |
r-release-macos-arm64 | 2.2.3 | 61.00 | OK | |||
r-release-macos-x86_64 | 2.2.3 | 115.00 | OK | |||
r-release-windows-x86_64 | 2.2.3 | 16.00 | 207.00 | 223.00 | OK | |
r-oldrel-macos-arm64 | 2.2.3 | 61.00 | OK | |||
r-oldrel-windows-x86_64 | 2.2.3 | 16.00 | 230.00 | 246.00 | OK |
Version: 2.2.3
Check: Rd cross-references
Result: NOTE
Undeclared package ‘devtools’ in Rd xrefs
Flavor: r-devel-linux-x86_64-fedora-clang