Last updated on 2024-04-24 07:57:57 CEST.
Flavor | Version | Tinstall | Tcheck | Ttotal | Status | Flags |
---|---|---|---|---|---|---|
r-devel-linux-x86_64-debian-clang | 0.1.5 | 2.34 | 54.02 | 56.36 | OK | |
r-devel-linux-x86_64-debian-gcc | 0.1.5 | 1.99 | 42.98 | 44.97 | OK | |
r-devel-linux-x86_64-fedora-clang | 0.1.5 | 75.14 | NOTE | |||
r-devel-linux-x86_64-fedora-gcc | 0.1.5 | 80.34 | NOTE | |||
r-prerel-macos-arm64 | 0.1.5 | 39.00 | OK | |||
r-prerel-windows-x86_64 | 0.1.5 | 4.00 | 62.00 | 66.00 | OK | |
r-patched-linux-x86_64 | 0.1.5 | 1.63 | 51.29 | 52.92 | OK | |
r-release-linux-x86_64 | 0.1.5 | 1.59 | 50.36 | 51.95 | OK | |
r-release-macos-arm64 | 0.1.5 | 36.00 | OK | |||
r-release-macos-x86_64 | 0.1.5 | 56.00 | OK | |||
r-release-windows-x86_64 | 0.1.5 | 4.00 | 68.00 | 72.00 | OK | |
r-oldrel-macos-arm64 | 0.1.5 | 29.00 | NOTE | |||
r-oldrel-windows-x86_64 | 0.1.5 | 5.00 | 68.00 | 73.00 | OK |
Version: 0.1.5
Check: dependencies in R code
Result: NOTE
Namespace in Imports field not imported from: ‘tidyverse’
All declared Imports should be used.
Flavors: r-devel-linux-x86_64-fedora-clang, r-devel-linux-x86_64-fedora-gcc, r-oldrel-macos-arm64