CRAN Package Check Results for Package uwo4419

Last updated on 2021-07-25 08:51:15 CEST.

Flavor Version Tinstall Tcheck Ttotal Status Flags
r-devel-linux-x86_64-debian-clang 0.3.0 11.82 105.85 117.67 OK
r-devel-linux-x86_64-debian-gcc 0.3.0 8.64 79.01 87.65 OK
r-devel-linux-x86_64-fedora-clang 0.3.0 144.83 NOTE
r-devel-linux-x86_64-fedora-gcc 0.3.0 133.65 NOTE
r-devel-windows-x86_64 0.3.0 13.00 93.00 106.00 OK
r-devel-windows-x86_64-gcc10-UCRT 0.3.0 NOTE
r-patched-linux-x86_64 0.3.0 10.88 97.25 108.13 OK
r-patched-solaris-x86 0.3.0 183.10 NOTE
r-release-linux-x86_64 0.3.0 10.72 98.15 108.87 OK
r-release-macos-arm64 0.3.0 NOTE
r-release-macos-x86_64 0.3.0 NOTE
r-release-windows-ix86+x86_64 0.3.0 27.00 113.00 140.00 OK
r-oldrel-macos-x86_64 0.3.0 NOTE
r-oldrel-windows-ix86+x86_64 0.3.0 30.00 125.00 155.00 OK

Check Details

Version: 0.3.0
Check: dependencies in R code
Result: NOTE
    Namespace in Imports field not imported from: ‘rio’
     All declared Imports should be used.
Flavors: r-devel-linux-x86_64-fedora-clang, r-devel-linux-x86_64-fedora-gcc, r-devel-windows-x86_64-gcc10-UCRT, r-patched-solaris-x86, r-release-macos-arm64, r-release-macos-x86_64, r-oldrel-macos-x86_64