CRAN Package Check Results for Package vader

Last updated on 2024-05-22 08:59:48 CEST.

Flavor Version Tinstall Tcheck Ttotal Status Flags
r-devel-linux-x86_64-debian-clang 0.2.1 3.63 37.35 40.98 NOTE
r-devel-linux-x86_64-debian-gcc 0.2.1 3.39 28.64 32.03 NOTE
r-devel-linux-x86_64-fedora-clang 0.2.1 52.65 NOTE
r-devel-linux-x86_64-fedora-gcc 0.2.1 49.74 NOTE
r-devel-windows-x86_64 0.2.1 4.00 53.00 57.00 NOTE
r-patched-linux-x86_64 0.2.1 4.50 35.87 40.37 NOTE
r-release-linux-x86_64 0.2.1 3.84 36.52 40.36 NOTE
r-release-macos-arm64 0.2.1 19.00 NOTE
r-release-windows-x86_64 0.2.1 4.00 54.00 58.00 NOTE
r-oldrel-macos-arm64 0.2.1 19.00 NOTE
r-oldrel-macos-x86_64 0.2.1 29.00 NOTE
r-oldrel-windows-x86_64 0.2.1 5.00 55.00 60.00 NOTE

Check Details

Version: 0.2.1
Check: package subdirectories
Result: NOTE Problems with news in ‘NEWS.md’: No news entries found. Flavors: r-devel-linux-x86_64-debian-clang, r-devel-linux-x86_64-debian-gcc, r-devel-linux-x86_64-fedora-clang, r-devel-linux-x86_64-fedora-gcc, r-devel-windows-x86_64, r-patched-linux-x86_64, r-release-linux-x86_64, r-release-macos-arm64, r-release-windows-x86_64, r-oldrel-macos-arm64, r-oldrel-macos-x86_64, r-oldrel-windows-x86_64

Version: 0.2.1
Check: LazyData
Result: NOTE 'LazyData' is specified without a 'data' directory Flavors: r-devel-linux-x86_64-debian-clang, r-devel-linux-x86_64-debian-gcc, r-devel-linux-x86_64-fedora-clang, r-devel-linux-x86_64-fedora-gcc, r-devel-windows-x86_64, r-patched-linux-x86_64, r-release-linux-x86_64, r-release-macos-arm64, r-release-windows-x86_64, r-oldrel-macos-arm64, r-oldrel-macos-x86_64, r-oldrel-windows-x86_64