Last updated on 2024-03-12 07:50:10 CET.
Flavor | Version | Tinstall | Tcheck | Ttotal | Status | Flags |
---|---|---|---|---|---|---|
r-devel-linux-x86_64-debian-clang | 1.0.5 | 2.01 | 21.75 | 23.76 | NOTE | |
r-devel-linux-x86_64-debian-gcc | 1.0.5 | 1.55 | 17.60 | 19.15 | NOTE | |
r-devel-linux-x86_64-fedora-clang | 1.0.5 | 31.94 | NOTE | |||
r-devel-linux-x86_64-fedora-gcc | 1.0.5 | 30.06 | NOTE | |||
r-devel-windows-x86_64 | 1.0.5 | 3.00 | 43.00 | 46.00 | NOTE | |
r-patched-linux-x86_64 | 1.0.5 | 2.12 | 21.86 | 23.98 | NOTE | |
r-release-linux-x86_64 | 1.0.5 | 2.18 | 21.78 | 23.96 | NOTE | |
r-release-macos-arm64 | 1.0.5 | 18.00 | NOTE | |||
r-release-macos-x86_64 | 1.0.5 | 20.00 | NOTE | |||
r-release-windows-x86_64 | 1.0.5 | 3.00 | 41.00 | 44.00 | NOTE | |
r-oldrel-macos-arm64 | 1.0.5 | 15.00 | NOTE | |||
r-oldrel-windows-x86_64 | 1.0.5 | 5.00 | 47.00 | 52.00 | NOTE |
Version: 1.0.5
Check: package dependencies
Result: NOTE
Packages suggested but not available for checking: 'vaers', 'vaersND'
Flavors: r-devel-linux-x86_64-debian-clang, r-devel-linux-x86_64-debian-gcc, r-devel-linux-x86_64-fedora-clang, r-devel-linux-x86_64-fedora-gcc, r-devel-windows-x86_64, r-patched-linux-x86_64, r-release-linux-x86_64, r-release-macos-arm64, r-release-macos-x86_64, r-release-windows-x86_64, r-oldrel-macos-arm64, r-oldrel-windows-x86_64