CRAN Package Check Results for Package validateIt

Last updated on 2024-04-22 08:51:45 CEST.

Flavor Version Tinstall Tcheck Ttotal Status Flags
r-devel-linux-x86_64-debian-clang 1.2.1 3.84 42.69 46.53 NOTE
r-devel-linux-x86_64-debian-gcc 1.2.1 4.14 32.53 36.67 NOTE
r-devel-linux-x86_64-fedora-clang 1.2.1 60.81 NOTE
r-devel-linux-x86_64-fedora-gcc 1.2.1 56.57 NOTE
r-prerel-macos-arm64 1.2.1 21.00 NOTE
r-prerel-windows-x86_64 1.2.1 6.00 55.00 61.00 NOTE
r-patched-linux-x86_64 1.2.1 4.02 41.08 45.10 NOTE
r-release-linux-x86_64 1.2.1 5.03 40.69 45.72 OK
r-release-macos-arm64 1.2.1 24.00 OK
r-release-macos-x86_64 1.2.1 58.00 OK
r-release-windows-x86_64 1.2.1 6.00 59.00 65.00 OK
r-oldrel-macos-arm64 1.2.1 27.00 OK
r-oldrel-windows-x86_64 1.2.1 7.00 62.00 69.00 OK

Check Details

Version: 1.2.1
Check: Rd files
Result: NOTE checkRd: (-1) sendTasks.Rd:41: Lost braces in \itemize; \value handles \item{}{} directly checkRd: (-1) sendTasks.Rd:43: Lost braces in \itemize; \value handles \item{}{} directly Flavors: r-devel-linux-x86_64-debian-clang, r-devel-linux-x86_64-debian-gcc, r-devel-linux-x86_64-fedora-clang, r-devel-linux-x86_64-fedora-gcc, r-prerel-macos-arm64, r-prerel-windows-x86_64, r-patched-linux-x86_64