Last updated on 2024-03-12 07:50:10 CET.
Flavor | Version | Tinstall | Tcheck | Ttotal | Status | Flags |
---|---|---|---|---|---|---|
r-devel-linux-x86_64-debian-clang | 0.9.5 | 143.81 | 68.68 | 212.49 | OK | |
r-devel-linux-x86_64-debian-gcc | 0.9.5 | 109.01 | 53.16 | 162.17 | OK | |
r-devel-linux-x86_64-fedora-clang | 0.9.5 | 286.32 | OK | |||
r-devel-linux-x86_64-fedora-gcc | 0.9.5 | 296.58 | OK | |||
r-devel-windows-x86_64 | 0.9.5 | 118.00 | 570.00 | 688.00 | NOTE | |
r-patched-linux-x86_64 | 0.9.5 | 140.24 | 66.24 | 206.48 | OK | |
r-release-linux-x86_64 | 0.9.5 | 140.86 | 67.02 | 207.88 | OK | |
r-release-macos-arm64 | 0.9.5 | 123.00 | NOTE | |||
r-release-macos-x86_64 | 0.9.5 | 158.00 | NOTE | |||
r-release-windows-x86_64 | 0.9.5 | 119.00 | 697.00 | 816.00 | NOTE | |
r-oldrel-macos-arm64 | 0.9.5 | 112.00 | NOTE | |||
r-oldrel-windows-x86_64 | 0.9.5 | 178.00 | 572.00 | 750.00 | NOTE |
Version: 0.9.5
Check: installed package size
Result: NOTE
installed size is 104.4Mb
sub-directories of 1Mb or more:
extdata 2.8Mb
gdal 3.0Mb
libs 88.9Mb
proj 8.4Mb
Flavors: r-devel-windows-x86_64, r-release-macos-arm64, r-release-macos-x86_64, r-release-windows-x86_64, r-oldrel-macos-arm64, r-oldrel-windows-x86_64