Last updated on 2024-04-24 07:57:57 CEST.
Flavor | Version | Tinstall | Tcheck | Ttotal | Status | Flags |
---|---|---|---|---|---|---|
r-devel-linux-x86_64-debian-clang | 0.2.1 | 3.04 | 23.95 | 26.99 | NOTE | |
r-devel-linux-x86_64-debian-gcc | 0.2.1 | 1.95 | 18.47 | 20.42 | NOTE | |
r-devel-linux-x86_64-fedora-clang | 0.2.1 | 35.19 | NOTE | |||
r-devel-linux-x86_64-fedora-gcc | 0.2.1 | 33.29 | NOTE | |||
r-prerel-macos-arm64 | 0.2.1 | 14.00 | NOTE | |||
r-prerel-windows-x86_64 | 0.2.1 | 4.00 | 39.00 | 43.00 | NOTE | |
r-patched-linux-x86_64 | 0.2.1 | 3.07 | 23.59 | 26.66 | NOTE | |
r-release-linux-x86_64 | 0.2.1 | 2.32 | 23.91 | 26.23 | NOTE | |
r-release-macos-arm64 | 0.2.1 | 16.00 | NOTE | |||
r-release-macos-x86_64 | 0.2.1 | 21.00 | NOTE | |||
r-release-windows-x86_64 | 0.2.1 | 3.00 | 40.00 | 43.00 | NOTE | |
r-oldrel-macos-arm64 | 0.2.1 | 15.00 | NOTE | |||
r-oldrel-windows-x86_64 | 0.2.1 | 4.00 | 44.00 | 48.00 | NOTE |
Version: 0.2.1
Check: LazyData
Result: NOTE
'LazyData' is specified without a 'data' directory
Flavors: r-devel-linux-x86_64-debian-clang, r-devel-linux-x86_64-debian-gcc, r-devel-linux-x86_64-fedora-clang, r-devel-linux-x86_64-fedora-gcc, r-prerel-macos-arm64, r-prerel-windows-x86_64, r-patched-linux-x86_64, r-release-linux-x86_64, r-release-macos-arm64, r-release-macos-x86_64, r-release-windows-x86_64, r-oldrel-macos-arm64, r-oldrel-windows-x86_64