CRAN Package Check Results for Package varclust

Last updated on 2021-09-21 08:50:19 CEST.

Flavor Version Tinstall Tcheck Ttotal Status Flags
r-devel-linux-x86_64-debian-clang 0.9.4 8.32 75.60 83.92 OK
r-devel-linux-x86_64-debian-gcc 0.9.4 6.39 57.13 63.52 OK
r-devel-linux-x86_64-fedora-clang 0.9.4 99.60 OK
r-devel-linux-x86_64-fedora-gcc 0.9.4 91.63 OK
r-devel-windows-x86_64 0.9.4 8.00 276.00 284.00 OK
r-devel-windows-x86_64-gcc10-UCRT 0.9.4 ERROR
r-patched-linux-x86_64 0.9.4 7.97 71.30 79.27 OK
r-patched-solaris-x86 0.9.4 343.40 OK
r-release-linux-x86_64 0.9.4 6.78 71.51 78.29 OK
r-release-macos-arm64 0.9.4 OK
r-release-macos-x86_64 0.9.4 OK
r-release-windows-ix86+x86_64 0.9.4 18.00 273.00 291.00 OK
r-oldrel-macos-x86_64 0.9.4 OK
r-oldrel-windows-ix86+x86_64 0.9.4 19.00 273.00 292.00 OK

Check Details

Version: 0.9.4
Check: whether package can be installed
Result: WARN
    Found the following significant warnings:
     WARNING: installation-time patches will not be applied, could not get the patches index
Flavor: r-devel-windows-x86_64-gcc10-UCRT

Version: 0.9.4
Check: PDF version of manual
Result: WARN
    LaTeX errors when creating PDF version.
    This typically indicates Rd problems.
Flavor: r-devel-windows-x86_64-gcc10-UCRT

Version: 0.9.4
Check: PDF version of manual without hyperrefs or index
Result: ERROR
    Re-running with no redirection of stdout/stderr.
Flavor: r-devel-windows-x86_64-gcc10-UCRT