Last updated on 2024-04-23 08:58:21 CEST.
Flavor | Version | Tinstall | Tcheck | Ttotal | Status | Flags |
---|---|---|---|---|---|---|
r-devel-linux-x86_64-debian-clang | 1.15.0 | 168.35 | 227.90 | 396.25 | OK | |
r-devel-linux-x86_64-debian-gcc | 1.15.0 | 126.99 | 177.32 | 304.31 | OK | |
r-devel-linux-x86_64-fedora-clang | 1.15.0 | 547.35 | OK | |||
r-devel-linux-x86_64-fedora-gcc | 1.15.0 | 477.08 | OK | |||
r-prerel-macos-arm64 | 1.15.0 | 126.00 | NOTE | |||
r-prerel-windows-x86_64 | 1.15.0 | 127.00 | 225.00 | 352.00 | OK | |
r-patched-linux-x86_64 | 1.15.0 | 169.85 | 223.09 | 392.94 | OK | |
r-release-linux-x86_64 | 1.15.0 | 151.94 | 225.73 | 377.67 | OK | |
r-release-macos-arm64 | 1.15.0 | 147.00 | NOTE | |||
r-release-macos-x86_64 | 1.15.0 | 222.00 | NOTE | |||
r-release-windows-x86_64 | 1.15.0 | 167.00 | 296.00 | 463.00 | OK | |
r-oldrel-macos-arm64 | 1.15.0 | 134.00 | NOTE | |||
r-oldrel-windows-x86_64 | 1.15.0 | 160.00 | 277.00 | 437.00 | OK |
Version: 1.15.0
Check: installed package size
Result: NOTE
installed size is 6.6Mb
sub-directories of 1Mb or more:
libs 4.6Mb
Flavors: r-prerel-macos-arm64, r-release-macos-arm64, r-release-macos-x86_64, r-oldrel-macos-arm64