Last updated on 2024-03-12 07:50:10 CET.
Flavor | Version | Tinstall | Tcheck | Ttotal | Status | Flags |
---|---|---|---|---|---|---|
r-devel-linux-x86_64-debian-clang | 0.1.0 | 6.04 | 55.89 | 61.93 | NOTE | |
r-devel-linux-x86_64-debian-gcc | 0.1.0 | 5.10 | 42.79 | 47.89 | NOTE | |
r-devel-linux-x86_64-fedora-clang | 0.1.0 | 76.30 | NOTE | |||
r-devel-linux-x86_64-fedora-gcc | 0.1.0 | 73.47 | NOTE | |||
r-devel-windows-x86_64 | 0.1.0 | 6.00 | 59.00 | 65.00 | NOTE | |
r-patched-linux-x86_64 | 0.1.0 | 7.58 | 54.97 | 62.55 | NOTE | |
r-release-linux-x86_64 | 0.1.0 | 6.10 | 54.76 | 60.86 | NOTE | |
r-release-macos-arm64 | 0.1.0 | 31.00 | NOTE | |||
r-release-macos-x86_64 | 0.1.0 | 52.00 | NOTE | |||
r-release-windows-x86_64 | 0.1.0 | 7.00 | 64.00 | 71.00 | NOTE | |
r-oldrel-macos-arm64 | 0.1.0 | 28.00 | NOTE | |||
r-oldrel-windows-x86_64 | 0.1.0 | 8.00 | 74.00 | 82.00 | NOTE |
Version: 0.1.0
Check: LazyData
Result: NOTE
'LazyData' is specified without a 'data' directory
Flavors: r-devel-linux-x86_64-debian-clang, r-devel-linux-x86_64-debian-gcc, r-devel-linux-x86_64-fedora-clang, r-devel-linux-x86_64-fedora-gcc, r-devel-windows-x86_64, r-patched-linux-x86_64, r-release-linux-x86_64, r-release-macos-arm64, r-release-macos-x86_64, r-release-windows-x86_64, r-oldrel-macos-arm64, r-oldrel-windows-x86_64
Version: 0.1.0
Check: dependencies in R code
Result: NOTE
Namespaces in Imports field not imported from:
‘Rcpp’ ‘foreach’ ‘iterators’ ‘maps’ ‘spam’
All declared Imports should be used.
Flavors: r-devel-linux-x86_64-fedora-clang, r-devel-linux-x86_64-fedora-gcc, r-oldrel-macos-arm64