Last updated on 2024-04-23 08:58:21 CEST.
Flavor | Version | Tinstall | Tcheck | Ttotal | Status | Flags |
---|---|---|---|---|---|---|
r-devel-linux-x86_64-debian-clang | 1.0.0 | 0.42 | 2.09 | 2.51 | ERROR | |
r-devel-linux-x86_64-debian-gcc | 1.0.0 | 16.36 | 153.32 | 169.68 | NOTE | |
r-devel-linux-x86_64-fedora-clang | 1.0.0 | 290.51 | NOTE | |||
r-devel-linux-x86_64-fedora-gcc | 1.0.0 | 270.22 | NOTE | |||
r-prerel-macos-arm64 | 1.0.0 | 74.00 | NOTE | |||
r-prerel-macos-x86_64 | 1.0.0 | 163.00 | NOTE | |||
r-prerel-windows-x86_64 | 1.0.0 | 19.00 | 149.00 | 168.00 | NOTE | |
r-patched-linux-x86_64 | 1.0.0 | 17.58 | 198.99 | 216.57 | NOTE | |
r-release-linux-x86_64 | 1.0.0 | 14.69 | 204.86 | 219.55 | NOTE | |
r-release-macos-arm64 | 1.0.0 | 82.00 | NOTE | |||
r-release-macos-x86_64 | 1.0.0 | 165.00 | NOTE | |||
r-release-windows-x86_64 | 1.0.0 | 24.00 | 199.00 | 223.00 | NOTE | |
r-oldrel-macos-arm64 | 1.0.0 | 54.00 | NOTE | |||
r-oldrel-windows-x86_64 | 1.0.0 | 24.00 | 199.00 | 223.00 | NOTE |
Version: 1.0.0
Check: package dependencies
Result: ERROR
Packages required but not available: 'Biostrings', 'coRdon'
See section ‘The DESCRIPTION file’ in the ‘Writing R Extensions’
manual.
Flavor: r-devel-linux-x86_64-debian-clang
Version: 1.0.0
Check: LazyData
Result: NOTE
'LazyData' is specified without a 'data' directory
Flavors: r-devel-linux-x86_64-debian-gcc, r-devel-linux-x86_64-fedora-clang, r-devel-linux-x86_64-fedora-gcc, r-prerel-macos-arm64, r-prerel-macos-x86_64, r-prerel-windows-x86_64, r-patched-linux-x86_64, r-release-linux-x86_64, r-release-macos-arm64, r-release-macos-x86_64, r-release-windows-x86_64, r-oldrel-macos-arm64, r-oldrel-windows-x86_64