Last updated on 2024-08-31 08:48:26 CEST.
Flavor | Version | Tinstall | Tcheck | Ttotal | Status | Flags |
---|---|---|---|---|---|---|
r-devel-linux-x86_64-debian-clang | 0.3.1 | 4.51 | 36.41 | 40.92 | OK | |
r-devel-linux-x86_64-debian-gcc | 0.3.1 | 3.04 | 26.79 | 29.83 | OK | |
r-devel-linux-x86_64-fedora-clang | 0.3.1 | 63.97 | NOTE | |||
r-devel-linux-x86_64-fedora-gcc | 0.3.1 | 52.15 | NOTE | |||
r-devel-windows-x86_64 | 0.3.1 | 6.00 | 53.00 | 59.00 | OK | |
r-patched-linux-x86_64 | 0.3.1 | 4.41 | 34.19 | 38.60 | OK | |
r-release-linux-x86_64 | 0.3.0 | 4.31 | 33.93 | 38.24 | OK | |
r-release-macos-arm64 | 0.3.1 | 24.00 | OK | |||
r-release-macos-x86_64 | 0.3.1 | 53.00 | OK | |||
r-release-windows-x86_64 | 0.3.1 | 7.00 | 56.00 | 63.00 | OK | |
r-oldrel-macos-arm64 | 0.3.1 | 28.00 | OK | |||
r-oldrel-macos-x86_64 | 0.3.1 | 41.00 | OK | |||
r-oldrel-windows-x86_64 | 0.3.1 | 8.00 | 58.00 | 66.00 | OK |
Version: 0.3.1
Check: data for non-ASCII characters
Result: NOTE
Note: found 2 marked UTF-8 strings
Flavors: r-devel-linux-x86_64-fedora-clang, r-devel-linux-x86_64-fedora-gcc