Last updated on 2024-04-19 08:54:59 CEST.
Flavor | Version | Tinstall | Tcheck | Ttotal | Status | Flags |
---|---|---|---|---|---|---|
r-devel-linux-x86_64-debian-clang | 1.1.1 | 9.41 | 134.02 | 143.43 | OK | |
r-devel-linux-x86_64-debian-gcc | 1.1.1 | OK | ||||
r-devel-linux-x86_64-fedora-clang | 1.1.1 | 179.28 | NOTE | |||
r-devel-linux-x86_64-fedora-gcc | 1.1.1 | 190.00 | NOTE | |||
r-prerel-macos-arm64 | 1.1.1 | 80.00 | OK | |||
r-prerel-windows-x86_64 | 1.1.1 | 10.00 | 123.00 | 133.00 | OK | |
r-patched-linux-x86_64 | 1.1.1 | 9.17 | 131.57 | 140.74 | OK | |
r-release-linux-x86_64 | 1.1.1 | 6.31 | 128.29 | 134.60 | OK | |
r-release-macos-arm64 | 1.1.1 | 88.00 | OK | |||
r-release-macos-x86_64 | 1.1.1 | 95.00 | OK | |||
r-release-windows-x86_64 | 1.1.1 | 12.00 | 147.00 | 159.00 | OK | |
r-oldrel-macos-arm64 | 1.1.1 | 66.00 | NOTE | |||
r-oldrel-windows-x86_64 | 1.1.1 | 13.00 | 146.00 | 159.00 | OK |
Version: 1.1.1
Check: dependencies in R code
Result: NOTE
Namespaces in Imports field not imported from:
‘R6’ ‘readr’ ‘uuid’
All declared Imports should be used.
Flavors: r-devel-linux-x86_64-fedora-clang, r-devel-linux-x86_64-fedora-gcc, r-oldrel-macos-arm64