CRAN Package Check Results for Package vimpclust

Last updated on 2024-04-21 08:54:07 CEST.

Flavor Version Tinstall Tcheck Ttotal Status Flags
r-devel-linux-x86_64-debian-clang 0.1.0 6.45 309.37 315.82 OK
r-devel-linux-x86_64-debian-gcc 0.1.0 4.67 213.84 218.51 OK
r-devel-linux-x86_64-fedora-clang 0.1.0 381.01 NOTE
r-devel-linux-x86_64-fedora-gcc 0.1.0 373.81 NOTE
r-prerel-macos-arm64 0.1.0 96.00 OK
r-prerel-windows-x86_64 0.1.0 7.00 200.00 207.00 OK
r-patched-linux-x86_64 0.1.0 6.70 295.37 302.07 OK
r-release-linux-x86_64 0.1.0 5.56 290.12 295.68 OK
r-release-macos-arm64 0.1.0 105.00 OK
r-release-macos-x86_64 0.1.0 166.00 OK
r-release-windows-x86_64 0.1.0 9.00 262.00 271.00 OK
r-oldrel-macos-arm64 0.1.0 91.00 NOTE
r-oldrel-windows-x86_64 0.1.0 11.00 262.00 273.00 OK

Check Details

Version: 0.1.0
Check: dependencies in R code
Result: NOTE Namespaces in Imports field not imported from: ‘mclust’ ‘rlang’ All declared Imports should be used. Flavors: r-devel-linux-x86_64-fedora-clang, r-devel-linux-x86_64-fedora-gcc, r-oldrel-macos-arm64