Last updated on 2024-03-12 07:50:11 CET.
Flavor | Version | Tinstall | Tcheck | Ttotal | Status | Flags |
---|---|---|---|---|---|---|
r-devel-linux-x86_64-debian-clang | 0.1.0 | 5.39 | 284.53 | 289.92 | OK | |
r-devel-linux-x86_64-debian-gcc | 0.1.0 | 5.18 | 212.97 | 218.15 | OK | |
r-devel-linux-x86_64-fedora-clang | 0.1.0 | 353.86 | NOTE | |||
r-devel-linux-x86_64-fedora-gcc | 0.1.0 | 369.69 | NOTE | |||
r-devel-windows-x86_64 | 0.1.0 | 7.00 | 202.00 | 209.00 | OK | |
r-patched-linux-x86_64 | 0.1.0 | 7.55 | 280.14 | 287.69 | OK | |
r-release-linux-x86_64 | 0.1.0 | 4.61 | 279.21 | 283.82 | OK | |
r-release-macos-arm64 | 0.1.0 | 105.00 | OK | |||
r-release-macos-x86_64 | 0.1.0 | 166.00 | OK | |||
r-release-windows-x86_64 | 0.1.0 | 8.00 | 257.00 | 265.00 | OK | |
r-oldrel-macos-arm64 | 0.1.0 | 91.00 | NOTE | |||
r-oldrel-windows-x86_64 | 0.1.0 | 10.00 | 263.00 | 273.00 | OK |
Version: 0.1.0
Check: dependencies in R code
Result: NOTE
Namespaces in Imports field not imported from:
‘mclust’ ‘rlang’
All declared Imports should be used.
Flavors: r-devel-linux-x86_64-fedora-clang, r-devel-linux-x86_64-fedora-gcc, r-oldrel-macos-arm64