CRAN Package Check Results for Package vinereg

Last updated on 2021-07-30 08:50:27 CEST.

Flavor Version Tinstall Tcheck Ttotal Status Flags
r-devel-linux-x86_64-debian-clang 0.7.4 OK
r-devel-linux-x86_64-debian-gcc 0.7.4 112.37 46.01 158.38 OK
r-devel-linux-x86_64-fedora-clang 0.7.4 295.00 NOTE
r-devel-linux-x86_64-fedora-gcc 0.7.4 287.32 OK
r-devel-windows-x86_64 0.7.4 116.00 111.00 227.00 NOTE
r-devel-windows-x86_64-gcc10-UCRT 0.7.4 OK
r-patched-linux-x86_64 0.7.4 OK
r-patched-solaris-x86 0.7.4 271.90 OK
r-release-linux-x86_64 0.7.4 130.54 61.27 191.81 OK
r-release-macos-arm64 0.7.4 NOTE
r-release-macos-x86_64 0.7.4 NOTE
r-release-windows-ix86+x86_64 0.7.4 295.00 132.00 427.00 NOTE
r-oldrel-macos-x86_64 0.7.4 NOTE
r-oldrel-windows-ix86+x86_64 0.7.4 218.00 167.00 385.00 NOTE

Check Details

Version: 0.7.4
Check: installed package size
Result: NOTE
     installed size is 46.3Mb
     sub-directories of 1Mb or more:
     libs 46.0Mb
Flavors: r-devel-linux-x86_64-fedora-clang, r-devel-windows-x86_64, r-release-macos-arm64, r-release-macos-x86_64, r-release-windows-ix86+x86_64, r-oldrel-macos-x86_64, r-oldrel-windows-ix86+x86_64