Last updated on 2024-04-24 07:57:57 CEST.
Flavor | Version | Tinstall | Tcheck | Ttotal | Status | Flags |
---|---|---|---|---|---|---|
r-devel-linux-x86_64-debian-clang | 0.8.1 | 9.20 | 101.04 | 110.24 | OK | |
r-devel-linux-x86_64-debian-gcc | 0.8.1 | 6.72 | 75.23 | 81.95 | OK | |
r-devel-linux-x86_64-fedora-clang | 0.8.1 | 136.55 | NOTE | |||
r-devel-linux-x86_64-fedora-gcc | 0.8.1 | 142.70 | NOTE | |||
r-prerel-macos-arm64 | 0.8.1 | 42.00 | OK | |||
r-prerel-windows-x86_64 | 0.8.1 | 8.00 | 85.00 | 93.00 | OK | |
r-patched-linux-x86_64 | 0.8.1 | 6.49 | 97.57 | 104.06 | OK | |
r-release-linux-x86_64 | 0.8.1 | 8.92 | 97.46 | 106.38 | OK | |
r-release-macos-arm64 | 0.8.1 | 47.00 | OK | |||
r-release-macos-x86_64 | 0.8.1 | 75.00 | OK | |||
r-release-windows-x86_64 | 0.8.1 | 9.00 | 101.00 | 110.00 | OK | |
r-oldrel-macos-arm64 | 0.8.1 | 41.00 | NOTE | |||
r-oldrel-windows-x86_64 | 0.8.1 | 10.00 | 100.00 | 110.00 | OK |
Version: 0.8.1
Check: dependencies in R code
Result: NOTE
Namespace in Imports field not imported from: ‘rpart’
All declared Imports should be used.
Flavors: r-devel-linux-x86_64-fedora-clang, r-devel-linux-x86_64-fedora-gcc, r-oldrel-macos-arm64