Last updated on 2024-04-20 08:51:18 CEST.
Flavor | Version | Tinstall | Tcheck | Ttotal | Status | Flags |
---|---|---|---|---|---|---|
r-devel-linux-x86_64-debian-clang | 0.2.1 | 6.14 | 91.43 | 97.57 | NOTE | |
r-devel-linux-x86_64-debian-gcc | 0.2.1 | 4.64 | 71.74 | 76.38 | NOTE | |
r-devel-linux-x86_64-fedora-clang | 0.2.1 | 124.91 | NOTE | |||
r-devel-linux-x86_64-fedora-gcc | 0.2.1 | 134.98 | NOTE | |||
r-prerel-macos-arm64 | 0.2.1 | 57.00 | NOTE | |||
r-prerel-windows-x86_64 | 0.2.1 | 6.00 | 92.00 | 98.00 | NOTE | |
r-patched-linux-x86_64 | 0.2.1 | 5.83 | 89.25 | 95.08 | NOTE | |
r-release-linux-x86_64 | 0.2.1 | 3.48 | 89.47 | 92.95 | NOTE | |
r-release-macos-arm64 | 0.2.1 | 63.00 | NOTE | |||
r-release-macos-x86_64 | 0.2.1 | 81.00 | NOTE | |||
r-release-windows-x86_64 | 0.2.1 | 8.00 | 100.00 | 108.00 | NOTE | |
r-oldrel-macos-arm64 | 0.2.1 | 61.00 | NOTE | |||
r-oldrel-windows-x86_64 | 0.2.1 | 8.00 | 104.00 | 112.00 | NOTE |
Version: 0.2.1
Check: LazyData
Result: NOTE
'LazyData' is specified without a 'data' directory
Flavors: r-devel-linux-x86_64-debian-clang, r-devel-linux-x86_64-debian-gcc, r-devel-linux-x86_64-fedora-clang, r-devel-linux-x86_64-fedora-gcc, r-prerel-macos-arm64, r-prerel-windows-x86_64, r-patched-linux-x86_64, r-release-linux-x86_64, r-release-macos-arm64, r-release-macos-x86_64, r-release-windows-x86_64, r-oldrel-macos-arm64, r-oldrel-windows-x86_64