CRAN Package Check Results for Package vows

Last updated on 2021-06-21 08:50:09 CEST.

Flavor Version Tinstall Tcheck Ttotal Status Flags
r-devel-linux-x86_64-debian-clang 0.5 12.34 104.65 116.99 OK
r-devel-linux-x86_64-debian-gcc 0.5 10.16 77.96 88.12 OK
r-devel-linux-x86_64-fedora-clang 0.5 142.17 NOTE
r-devel-linux-x86_64-fedora-gcc 0.5 133.60 OK
r-devel-windows-x86_64 0.5 17.00 124.00 141.00 OK
r-devel-windows-x86_64-gcc10-UCRT 0.5 OK
r-patched-linux-x86_64 0.5 15.94 97.00 112.94 OK
r-patched-solaris-x86 0.5 198.70 OK
r-release-linux-x86_64 0.5 11.98 97.23 109.21 OK
r-release-macos-arm64 0.5 OK
r-release-macos-x86_64 0.5 OK
r-release-windows-ix86+x86_64 0.5 25.00 93.00 118.00 OK
r-oldrel-macos-x86_64 0.5 OK
r-oldrel-windows-ix86+x86_64 0.5 19.00 0.00 19.00 OK

Check Details

Version: 0.5
Check: Rd cross-references
Result: NOTE
    Undeclared package ‘lme4’ in Rd xrefs
Flavor: r-devel-linux-x86_64-fedora-clang