CRAN Package Check Results for Package vscc

Last updated on 2025-01-26 08:48:41 CET.

Flavor Version Tinstall Tcheck Ttotal Status Flags
r-devel-linux-x86_64-debian-clang 0.7 5.27 83.45 88.72 NOTE
r-devel-linux-x86_64-debian-gcc 0.7 3.59 50.75 54.34 NOTE
r-devel-linux-x86_64-fedora-clang 0.7 151.63 OK
r-devel-linux-x86_64-fedora-gcc 0.7 123.81 OK
r-devel-windows-x86_64 0.7 6.00 94.00 100.00 NOTE
r-patched-linux-x86_64 0.7 6.91 67.11 74.02 OK
r-release-linux-x86_64 0.7 4.47 66.83 71.30 OK
r-release-macos-arm64 0.7 40.00 OK
r-release-macos-x86_64 0.7 61.00 OK
r-release-windows-x86_64 0.7 8.00 94.00 102.00 OK
r-oldrel-macos-arm64 0.7 43.00 OK
r-oldrel-macos-x86_64 0.7 95.00 OK
r-oldrel-windows-x86_64 0.7 8.00 106.00 114.00 OK

Check Details

Version: 0.7
Check: Rd cross-references
Result: NOTE Found the following Rd file(s) with Rd \link{} targets missing package anchors: vscc.Rd: teigen, Mclust Please provide package anchors for all Rd \link{} targets not in the package itself and the base packages. Flavors: r-devel-linux-x86_64-debian-clang, r-devel-linux-x86_64-debian-gcc, r-devel-windows-x86_64