Last updated on 2021-04-10 08:48:35 CEST.
Flavor | Version | Tinstall | Tcheck | Ttotal | Status | Flags |
---|---|---|---|---|---|---|
r-devel-linux-x86_64-debian-clang | 1.2.7 | 8.13 | 68.48 | 76.61 | NOTE | |
r-devel-linux-x86_64-debian-gcc | 1.3.1 | 7.29 | 53.94 | 61.23 | OK | |
r-devel-linux-x86_64-fedora-clang | 1.3.1 | 111.10 | OK | |||
r-devel-linux-x86_64-fedora-gcc | 1.3.1 | 101.23 | OK | |||
r-devel-windows-ix86+x86_64 | 1.2.7 | 13.00 | 70.00 | 83.00 | NOTE | |
r-devel-windows-x86_64-gcc10-UCRT | 1.2.7 | NOTE | ||||
r-patched-linux-x86_64 | 1.2.7 | 7.09 | 62.76 | 69.85 | OK | |
r-patched-solaris-x86 | 1.3.1 | 128.10 | OK | |||
r-release-linux-x86_64 | 1.3.1 | 7.69 | 65.36 | 73.05 | OK | |
r-release-macos-x86_64 | 1.2.7 | OK | ||||
r-release-windows-ix86+x86_64 | 1.2.7 | 22.00 | 90.00 | 112.00 | OK | |
r-oldrel-macos-x86_64 | 1.3.1 | OK | ||||
r-oldrel-windows-ix86+x86_64 | 1.2.7 | 14.00 | 62.00 | 76.00 | OK |
Version: 1.2.7
Check: LazyData
Result: NOTE
'LazyData' is specified without a 'data' directory
Flavors: r-devel-linux-x86_64-debian-clang, r-devel-windows-ix86+x86_64, r-devel-windows-x86_64-gcc10-UCRT