Last updated on 2024-05-13 08:50:31 CEST.
Flavor | Version | Tinstall | Tcheck | Ttotal | Status | Flags |
---|---|---|---|---|---|---|
r-devel-linux-x86_64-debian-clang | 0.2.0 | 6.60 | 59.06 | 65.66 | OK | |
r-devel-linux-x86_64-debian-gcc | 0.2.0 | 4.68 | 43.22 | 47.90 | OK | |
r-devel-linux-x86_64-fedora-clang | 0.2.0 | 80.86 | NOTE | |||
r-devel-linux-x86_64-fedora-gcc | 0.2.0 | 77.98 | OK | |||
r-devel-windows-x86_64 | 0.2.0 | 8.00 | 64.00 | 72.00 | OK | |
r-patched-linux-x86_64 | 0.2.0 | 4.50 | 55.23 | 59.73 | OK | |
r-release-linux-x86_64 | 0.2.0 | 4.02 | 55.37 | 59.39 | OK | |
r-release-macos-arm64 | 0.2.0 | 24.00 | OK | |||
r-release-windows-x86_64 | 0.2.0 | 11.00 | 65.00 | 76.00 | OK | |
r-oldrel-macos-arm64 | 0.2.0 | 36.00 | OK | |||
r-oldrel-macos-x86_64 | 0.2.0 | 52.00 | OK | |||
r-oldrel-windows-x86_64 | 0.2.0 | 9.00 | 70.00 | 79.00 | OK |
Version: 0.2.0
Check: installed package size
Result: NOTE
installed size is 5.0Mb
sub-directories of 1Mb or more:
help 3.9Mb
Flavor: r-devel-linux-x86_64-fedora-clang