CRAN Package Check Results for Package waveformlidar

Last updated on 2021-04-16 08:48:46 CEST.

Flavor Version Tinstall Tcheck Ttotal Status Flags
r-devel-linux-x86_64-debian-clang 1.2.0 9.54 74.24 83.78 NOTE
r-devel-linux-x86_64-debian-gcc 1.2.0 7.17 55.86 63.03 NOTE
r-devel-linux-x86_64-fedora-clang 1.2.0 110.06 NOTE
r-devel-linux-x86_64-fedora-gcc 1.2.0 96.34 NOTE
r-devel-windows-ix86+x86_64 1.2.0 21.00 82.00 103.00 NOTE
r-devel-windows-x86_64-gcc10-UCRT 1.2.0 NOTE
r-patched-linux-x86_64 1.2.0 8.91 69.25 78.16 NOTE
r-patched-solaris-x86 1.2.0 142.80 NOTE
r-release-linux-x86_64 1.2.0 9.36 68.45 77.81 NOTE
r-release-macos-x86_64 1.2.0 NOTE
r-release-windows-ix86+x86_64 1.2.0 36.00 93.00 129.00 NOTE
r-oldrel-macos-x86_64 1.2.0 ERROR

Additional issues

donttest

Check Details

Version: 1.2.0
Check: package dependencies
Result: NOTE
    Package suggested but not available for checking: 'rPeaks'
Flavors: r-devel-linux-x86_64-debian-clang, r-devel-linux-x86_64-debian-gcc, r-devel-linux-x86_64-fedora-clang, r-devel-linux-x86_64-fedora-gcc, r-devel-windows-ix86+x86_64, r-devel-windows-x86_64-gcc10-UCRT, r-patched-linux-x86_64, r-patched-solaris-x86, r-release-linux-x86_64, r-release-macos-x86_64, r-release-windows-ix86+x86_64, r-oldrel-macos-x86_64

Version: 1.2.0
Check: dependencies in R code
Result: NOTE
    Namespaces in Imports field not imported from:
     ‘raster’ ‘reshape2’
     All declared Imports should be used.
Flavors: r-devel-linux-x86_64-fedora-clang, r-devel-linux-x86_64-fedora-gcc, r-devel-windows-x86_64-gcc10-UCRT, r-patched-solaris-x86, r-release-macos-x86_64

Version: 1.2.0
Check: whether package can be installed
Result: ERROR
    Installation failed.
Flavor: r-oldrel-macos-x86_64