Last updated on 2024-03-12 07:50:11 CET.
Flavor | Version | Tinstall | Tcheck | Ttotal | Status | Flags |
---|---|---|---|---|---|---|
r-devel-linux-x86_64-debian-clang | 1.8.4 | 11.50 | 72.44 | 83.94 | WARN | |
r-devel-linux-x86_64-debian-gcc | 1.8.4 | 8.66 | 56.55 | 65.21 | OK | |
r-devel-linux-x86_64-fedora-clang | 1.8.4 | 112.04 | OK | |||
r-devel-linux-x86_64-fedora-gcc | 1.8.4 | 106.71 | OK | |||
r-devel-windows-x86_64 | 1.8.4 | 15.00 | 86.00 | 101.00 | OK | |
r-patched-linux-x86_64 | 1.8.4 | 12.86 | 72.39 | 85.25 | OK | |
r-release-linux-x86_64 | 1.8.4 | 12.85 | 73.09 | 85.94 | OK | |
r-release-macos-arm64 | 1.8.4 | 35.00 | OK | |||
r-release-macos-x86_64 | 1.8.4 | 55.00 | NOTE | |||
r-release-windows-x86_64 | 1.8.4 | 16.00 | 94.00 | 110.00 | OK | |
r-oldrel-macos-arm64 | 1.8.4 | 36.00 | OK | |||
r-oldrel-windows-x86_64 | 1.8.4 | 18.00 | 87.00 | 105.00 | OK |
Version: 1.8.4
Check: whether package can be installed
Result: WARN
Found the following significant warnings:
flang-new: warning: argument unused during compilation: '-Wall' [-Wunused-command-line-argument]
See ‘/home/hornik/tmp/R.check/r-devel-clang/Work/PKGS/waveslim.Rcheck/00install.out’ for details.
* used C compiler: ‘Debian clang version 18.1.0 (rc4-1)’
* used Fortran compiler: ‘Debian flang-new version 18.1.0 (rc4-1)’
Flavor: r-devel-linux-x86_64-debian-clang
Version: 1.8.4
Check: package dependencies
Result: NOTE
Package suggested but not available for checking: ‘fftw’
Flavor: r-release-macos-x86_64